{"id":2723,"date":"2019-10-03T11:26:51","date_gmt":"2019-10-03T09:26:51","guid":{"rendered":"https:\/\/www.recette-sisso.fr\/lafab\/?post_type=artistes&#038;p=2723"},"modified":"2021-05-28T17:15:38","modified_gmt":"2021-05-28T15:15:38","slug":"frederic-bruly-bouabre","status":"publish","type":"artistes","link":"https:\/\/la-fab.com\/en\/artistes\/frederic-bruly-bouabre\/","title":{"rendered":"Fr\u00e9d\u00e9ric Bruly-Bouabr\u00e9"},"content":{"rendered":"\n<p class=\"has-text-align-center\"><strong>Born 1932 in Z\u00e9pr\u00e9g\u00fc\u00e9, Ivory Coast &#8211; Died January 28, 2014, in Abidjan, Ivory Coast<\/strong><\/p>\n\n\n\n<p>The &#8220;African Champollion&#8221; always maintained that he was not the inventor of what he named the &#8220;Ivorian alphabet,&#8221; but its discoverer. To underline the alphabet&#8217;s universality and relevance, Fr\u00e9d\u00e9ric Bruly-Bouabr\u00e9 gave it a practical application by using it first to transcribe traditional texts of the B\u00e9t\u00e9 people, then tales, poems, encyclopedia entries and French political speeches, which he transcribed in his manuscripts. Every day, Bruly wrote his thoughts on a chalkboard, which provided his numerous visitors with an initiation into this &#8220;specifically&#8221; African writing style.<\/p>\n\n\n\n<p>Fr\u00e9d\u00e9ric Bruly-Bouabr\u00e9 received one of France&#8217;s highest honors in 2002, when he became a Chevalier des Arts et des Lettres.<\/p>\n\n\n\n<div class=\"wp-block-image\"><figure class=\"aligncenter is-resized\"><img loading=\"lazy\" decoding=\"async\" src=\"https:\/\/la-fab.com\/wp-content\/uploads\/2020\/01\/Aujourdhui-je-nai-pas-dessin\u00e9-27-mars-2010-\u00a9-Fr\u00e9d\u00e9ric-Bruly-Bouabr\u00e9.jpg\" alt=\"\" class=\"wp-image-3875\" width=\"450\" height=\"336\" srcset=\"https:\/\/la-fab.com\/wp-content\/uploads\/2020\/01\/Aujourdhui-je-nai-pas-dessin\u00e9-27-mars-2010-\u00a9-Fr\u00e9d\u00e9ric-Bruly-Bouabr\u00e9.jpg 900w, https:\/\/la-fab.com\/wp-content\/uploads\/2020\/01\/Aujourdhui-je-nai-pas-dessin\u00e9-27-mars-2010-\u00a9-Fr\u00e9d\u00e9ric-Bruly-Bouabr\u00e9-300x224.jpg 300w\" sizes=\"auto, (max-width: 450px) 100vw, 450px\" \/><figcaption>\u00a9 Fr\u00e9d\u00e9ric Bruly Bouabr\u00e9<\/figcaption><\/figure><\/div>\n\n\n\n<hr class=\"wp-block-separator has-text-color has-background has-vivid-red-background-color has-vivid-red-color is-style-wide\"\/>\n","protected":false},"featured_media":0,"template":"","class_list":["post-2723","artistes","type-artistes","status-publish","hentry"],"acf":[],"_links":{"self":[{"href":"https:\/\/la-fab.com\/en\/wp-json\/wp\/v2\/artistes\/2723","targetHints":{"allow":["GET"]}}],"collection":[{"href":"https:\/\/la-fab.com\/en\/wp-json\/wp\/v2\/artistes"}],"about":[{"href":"https:\/\/la-fab.com\/en\/wp-json\/wp\/v2\/types\/artistes"}],"wp:attachment":[{"href":"https:\/\/la-fab.com\/en\/wp-json\/wp\/v2\/media?parent=2723"}],"curies":[{"name":"wp","href":"https:\/\/api.w.org\/{rel}","templated":true}]}}

Frédéric Bruly-Bouabré

<p class="has-text-align-center"><strong>Born 1932 in Zéprégüé, Ivory Coast &#8211; Died January 28, 2014, in Abidjan, Ivory Coast</strong></p>



<p>The &#8220;African Champollion&#8221; always maintained that he was not the inventor of what he named the &#8220;Ivorian alphabet,&#8221; but its discoverer. To underline the alphabet&#8217;s universality and relevance, Frédéric Bruly-Bouabré gave it a practical application by using it first to transcribe traditional texts of the Bété people, then tales, poems, encyclopedia entries and French political speeches, which he transcribed in his manuscripts. Every day, Bruly wrote his thoughts on a chalkboard, which provided his numerous visitors with an initiation into this &#8220;specifically&#8221; African writing style.</p>



<p>Frédéric Bruly-Bouabré received one of France&#8217;s highest honors in 2002, when he became a Chevalier des Arts et des Lettres.</p>



<div class="wp-block-image"><figure class="aligncenter is-resized"><img loading="lazy" decoding="async" src="https://la-fab.com/wp-content/uploads/2020/01/Aujourdhui-je-nai-pas-dessiné-27-mars-2010-©-Frédéric-Bruly-Bouabré.jpg" alt="" class="wp-image-3875" width="450" height="336" srcset="https://la-fab.com/wp-content/uploads/2020/01/Aujourdhui-je-nai-pas-dessiné-27-mars-2010-©-Frédéric-Bruly-Bouabré.jpg 900w, https://la-fab.com/wp-content/uploads/2020/01/Aujourdhui-je-nai-pas-dessiné-27-mars-2010-©-Frédéric-Bruly-Bouabré-300x224.jpg 300w" sizes="auto, (max-width: 450px) 100vw, 450px" /><figcaption>© Frédéric Bruly Bouabré</figcaption></figure></div>



<hr class="wp-block-separator has-text-color has-background has-vivid-red-background-color has-vivid-red-color is-style-wide"/>
