{"id":11881,"date":"2025-09-19T15:38:17","date_gmt":"2025-09-19T13:38:17","guid":{"rendered":"https:\/\/la-fab.com\/?post_type=evenements&#038;p=11881"},"modified":"2025-09-22T12:34:54","modified_gmt":"2025-09-22T10:34:54","slug":"jerome-karsenti-jete-dans-la-peau","status":"publish","type":"evenements","link":"https:\/\/la-fab.com\/en\/evenements\/jerome-karsenti-jete-dans-la-peau\/","title":{"rendered":"J\u00e9r\u00f4me Karsenti : &#8220;Jet\u00e9 dans la peau&#8221;"},"content":{"rendered":"\n<h2 class=\"wp-block-heading has-text-align-center has-large-font-size\">J\u00e9r\u00f4me Karsenti : <strong>\u00ab<\/strong><em>Jet\u00e9 dans la peau<\/em>\u00bb<\/h2>\n\n\n\n<h2 class=\"wp-block-heading has-text-align-center has-large-font-size\">Thursday, September 25th 2025 ; 6-9 p.m.<\/h2>\n\n\n\n<figure class=\"wp-block-image size-large\"><img loading=\"lazy\" decoding=\"async\" width=\"1019\" height=\"1024\" src=\"https:\/\/la-fab.com\/wp-content\/uploads\/2025\/09\/FLYER.-POUTRESSE.-25-sept-25-i-1019x1024.jpg\" alt=\"\" class=\"wp-image-11873\" srcset=\"https:\/\/la-fab.com\/wp-content\/uploads\/2025\/09\/FLYER.-POUTRESSE.-25-sept-25-i-1019x1024.jpg 1019w, https:\/\/la-fab.com\/wp-content\/uploads\/2025\/09\/FLYER.-POUTRESSE.-25-sept-25-i-300x300.jpg 300w, https:\/\/la-fab.com\/wp-content\/uploads\/2025\/09\/FLYER.-POUTRESSE.-25-sept-25-i-150x150.jpg 150w, https:\/\/la-fab.com\/wp-content\/uploads\/2025\/09\/FLYER.-POUTRESSE.-25-sept-25-i.jpg 1500w\" sizes=\"auto, (max-width: 1019px) 100vw, 1019px\" \/><\/figure>\n\n\n\n<h4 class=\"wp-block-heading\">J\u00e9r\u00f4me Karsenti will present his works <em>Poutresse<\/em>, <em>Les Livres de pierre<\/em> and <em>Mobile Homme<\/em>, as well as his upcoming projects, with Hand Art Publisher. These texts arise from a presence \u2014 sometimes distant, sometimes close, like dawn. Images, gestures and silences are their genesis.<\/h4>\n\n\n<div class=\"wp-block-image\">\n<figure class=\"aligncenter size-large is-resized\"><img loading=\"lazy\" decoding=\"async\" width=\"898\" height=\"1024\" src=\"https:\/\/la-fab.com\/wp-content\/uploads\/2025\/09\/LIVRE-DE-PIERRE-MON-AMOURi-898x1024.jpg\" alt=\"\" class=\"wp-image-11877\" style=\"width:650px;height:auto\" srcset=\"https:\/\/la-fab.com\/wp-content\/uploads\/2025\/09\/LIVRE-DE-PIERRE-MON-AMOURi-898x1024.jpg 898w, https:\/\/la-fab.com\/wp-content\/uploads\/2025\/09\/LIVRE-DE-PIERRE-MON-AMOURi-263x300.jpg 263w, https:\/\/la-fab.com\/wp-content\/uploads\/2025\/09\/LIVRE-DE-PIERRE-MON-AMOURi-1347x1536.jpg 1347w, https:\/\/la-fab.com\/wp-content\/uploads\/2025\/09\/LIVRE-DE-PIERRE-MON-AMOURi.jpg 1500w\" sizes=\"auto, (max-width: 898px) 100vw, 898px\" \/><\/figure>\n<\/div>\n\n\n<p class=\"has-text-align-center has-medium-font-size\"><strong>With the participation of :<\/strong><\/p>\n\n\n\n<p class=\"has-text-align-center has-medium-font-size\"><strong>J\u00e9r\u00f4me Karsenti<br>Hand Art Publisher<br>DROZ<br>SIAAM<\/strong><\/p>\n\n\n\n<p><\/p>\n","protected":false},"featured_media":11880,"template":"","historique":[6],"type_evenement":[33],"afficher_dans_le_menu":[30],"class_list":["post-11881","evenements","type-evenements","status-publish","has-post-thumbnail","hentry","historique-historique","type_evenement-la-librairie","afficher_dans_le_menu-menu"],"acf":[],"_links":{"self":[{"href":"https:\/\/la-fab.com\/en\/wp-json\/wp\/v2\/evenements\/11881","targetHints":{"allow":["GET"]}}],"collection":[{"href":"https:\/\/la-fab.com\/en\/wp-json\/wp\/v2\/evenements"}],"about":[{"href":"https:\/\/la-fab.com\/en\/wp-json\/wp\/v2\/types\/evenements"}],"wp:featuredmedia":[{"embeddable":true,"href":"https:\/\/la-fab.com\/en\/wp-json\/wp\/v2\/media\/11880"}],"wp:attachment":[{"href":"https:\/\/la-fab.com\/en\/wp-json\/wp\/v2\/media?parent=11881"}],"wp:term":[{"taxonomy":"historique","embeddable":true,"href":"https:\/\/la-fab.com\/en\/wp-json\/wp\/v2\/historique?post=11881"},{"taxonomy":"type_evenement","embeddable":true,"href":"https:\/\/la-fab.com\/en\/wp-json\/wp\/v2\/type_evenement?post=11881"},{"taxonomy":"afficher_dans_le_menu","embeddable":true,"href":"https:\/\/la-fab.com\/en\/wp-json\/wp\/v2\/afficher_dans_le_menu?post=11881"}],"curies":[{"name":"wp","href":"https:\/\/api.w.org\/{rel}","templated":true}]}}

Jérôme Karsenti : &#8220;Jeté dans la peau&#8221;

<h2 class="wp-block-heading has-text-align-center has-large-font-size">Jérôme Karsenti : <strong>«</strong><em>Jeté dans la peau</em>»</h2>



<h2 class="wp-block-heading has-text-align-center has-large-font-size">Thursday, September 25th 2025 ; 6-9 p.m.</h2>



<figure class="wp-block-image size-large"><img loading="lazy" decoding="async" width="1019" height="1024" src="https://la-fab.com/wp-content/uploads/2025/09/FLYER.-POUTRESSE.-25-sept-25-i-1019x1024.jpg" alt="" class="wp-image-11873" srcset="https://la-fab.com/wp-content/uploads/2025/09/FLYER.-POUTRESSE.-25-sept-25-i-1019x1024.jpg 1019w, https://la-fab.com/wp-content/uploads/2025/09/FLYER.-POUTRESSE.-25-sept-25-i-300x300.jpg 300w, https://la-fab.com/wp-content/uploads/2025/09/FLYER.-POUTRESSE.-25-sept-25-i-150x150.jpg 150w, https://la-fab.com/wp-content/uploads/2025/09/FLYER.-POUTRESSE.-25-sept-25-i.jpg 1500w" sizes="auto, (max-width: 1019px) 100vw, 1019px" /></figure>



<h4 class="wp-block-heading">Jérôme Karsenti will present his works <em>Poutresse</em>, <em>Les Livres de pierre</em> and <em>Mobile Homme</em>, as well as his upcoming projects, with Hand Art Publisher. These texts arise from a presence — sometimes distant, sometimes close, like dawn. Images, gestures and silences are their genesis.</h4>


<div class="wp-block-image">
<figure class="aligncenter size-large is-resized"><img loading="lazy" decoding="async" width="898" height="1024" src="https://la-fab.com/wp-content/uploads/2025/09/LIVRE-DE-PIERRE-MON-AMOURi-898x1024.jpg" alt="" class="wp-image-11877" style="width:650px;height:auto" srcset="https://la-fab.com/wp-content/uploads/2025/09/LIVRE-DE-PIERRE-MON-AMOURi-898x1024.jpg 898w, https://la-fab.com/wp-content/uploads/2025/09/LIVRE-DE-PIERRE-MON-AMOURi-263x300.jpg 263w, https://la-fab.com/wp-content/uploads/2025/09/LIVRE-DE-PIERRE-MON-AMOURi-1347x1536.jpg 1347w, https://la-fab.com/wp-content/uploads/2025/09/LIVRE-DE-PIERRE-MON-AMOURi.jpg 1500w" sizes="auto, (max-width: 898px) 100vw, 898px" /></figure>
</div>


<p class="has-text-align-center has-medium-font-size"><strong>With the participation of :</strong></p>



<p class="has-text-align-center has-medium-font-size"><strong>Jérôme Karsenti<br>Hand Art Publisher<br>DROZ<br>SIAAM</strong></p>



<p></p>
