{"id":1730,"date":"2019-09-05T17:39:58","date_gmt":"2019-09-05T15:39:58","guid":{"rendered":"https:\/\/www.recette-sisso.fr\/lafab\/?post_type=evenements&#038;p=1730"},"modified":"2020-01-13T15:07:50","modified_gmt":"2020-01-13T14:07:50","slug":"memory-lane-collectif","status":"publish","type":"evenements","link":"https:\/\/la-fab.com\/en\/evenements\/memory-lane-collectif\/","title":{"rendered":"Memory lane &#8211; Collectif"},"content":{"rendered":"\n<figure class=\"wp-block-image\"><img loading=\"lazy\" decoding=\"async\" width=\"770\" height=\"1006\" src=\"https:\/\/la-fab.com\/wp-content\/uploads\/2019\/09\/image-380.png\" alt=\"\" class=\"wp-image-1731\" srcset=\"https:\/\/la-fab.com\/wp-content\/uploads\/2019\/09\/image-380.png 770w, https:\/\/la-fab.com\/wp-content\/uploads\/2019\/09\/image-380-230x300.png 230w\" sizes=\"auto, (max-width: 770px) 100vw, 770px\" \/><\/figure>\n\n\n\n<p style=\"text-align:center\" class=\"has-text-color has-vivid-red-color\"><strong><a href=\"https:\/\/la-fab.com\/wp-content\/uploads\/2019\/09\/cp_memory_lane.pdf\">PRESS RELEASE<\/a><\/strong><\/p>\n\n\n\n<div class=\"wp-block-image\"><figure class=\"aligncenter\"><img loading=\"lazy\" decoding=\"async\" width=\"771\" height=\"526\" src=\"https:\/\/la-fab.com\/wp-content\/uploads\/2019\/09\/image-381.png\" alt=\"\" class=\"wp-image-1733\" srcset=\"https:\/\/la-fab.com\/wp-content\/uploads\/2019\/09\/image-381.png 771w, https:\/\/la-fab.com\/wp-content\/uploads\/2019\/09\/image-381-300x205.png 300w\" sizes=\"auto, (max-width: 771px) 100vw, 771px\" \/><figcaption>Performance de Lala Ra\u0161\u010di\u0107 \u00e0 la galerie du jour le 27 Juin 2014 (with the participation of Jusuf Brki\u0107)&nbsp;<\/figcaption><\/figure><\/div>\n\n\n\n<div class=\"wp-block-image\"><figure class=\"aligncenter\"><img loading=\"lazy\" decoding=\"async\" width=\"771\" height=\"551\" src=\"https:\/\/la-fab.com\/wp-content\/uploads\/2019\/09\/image-382.png\" alt=\"\" class=\"wp-image-1735\" srcset=\"https:\/\/la-fab.com\/wp-content\/uploads\/2019\/09\/image-382.png 771w, https:\/\/la-fab.com\/wp-content\/uploads\/2019\/09\/image-382-300x214.png 300w\" sizes=\"auto, (max-width: 771px) 100vw, 771px\" \/><figcaption>Edo Vejselovic, \u00abStar City\u00bb, 2009, 5 color photography 70x50cm&nbsp;<\/figcaption><\/figure><\/div>\n\n\n\n<div class=\"wp-block-image\"><figure class=\"aligncenter\"><img loading=\"lazy\" decoding=\"async\" width=\"771\" height=\"511\" src=\"https:\/\/la-fab.com\/wp-content\/uploads\/2019\/09\/image-383.png\" alt=\"\" class=\"wp-image-1737\" srcset=\"https:\/\/la-fab.com\/wp-content\/uploads\/2019\/09\/image-383.png 771w, https:\/\/la-fab.com\/wp-content\/uploads\/2019\/09\/image-383-300x199.png 300w\" sizes=\"auto, (max-width: 771px) 100vw, 771px\" \/><figcaption>Alma Suljevic, \u00abElektra 98\u00bb, 2001, video, color\/sound, 8min<\/figcaption><\/figure><\/div>\n\n\n\n<div class=\"wp-block-image\"><figure class=\"aligncenter\"><img loading=\"lazy\" decoding=\"async\" width=\"713\" height=\"1024\" src=\"https:\/\/la-fab.com\/wp-content\/uploads\/2019\/09\/image-384-713x1024.png\" alt=\"\" class=\"wp-image-1739\" srcset=\"https:\/\/la-fab.com\/wp-content\/uploads\/2019\/09\/image-384-713x1024.png 713w, https:\/\/la-fab.com\/wp-content\/uploads\/2019\/09\/image-384-209x300.png 209w, https:\/\/la-fab.com\/wp-content\/uploads\/2019\/09\/image-384.png 771w\" sizes=\"auto, (max-width: 713px) 100vw, 713px\" \/><figcaption>Andrej Derkovic, \u00abZaborav Ubija &#8211; Forget Kill\u00bb, 2005, posters, dimensions variables Edition de 300 exemplaires<\/figcaption><\/figure><\/div>\n\n\n\n<div class=\"wp-block-image\"><figure class=\"aligncenter\"><img loading=\"lazy\" decoding=\"async\" width=\"771\" height=\"617\" src=\"https:\/\/la-fab.com\/wp-content\/uploads\/2019\/09\/image-385.png\" alt=\"\" class=\"wp-image-1741\" srcset=\"https:\/\/la-fab.com\/wp-content\/uploads\/2019\/09\/image-385.png 771w, https:\/\/la-fab.com\/wp-content\/uploads\/2019\/09\/image-385-300x240.png 300w\" sizes=\"auto, (max-width: 771px) 100vw, 771px\" \/><figcaption>Gordana An\u0111eli\u0107-Gali\u0107, \u00abMantra\u00bb, 2006, video, color\/sound, 5min12s&nbsp;<\/figcaption><\/figure><\/div>\n\n\n\n<div class=\"wp-block-image\"><figure class=\"aligncenter\"><img loading=\"lazy\" decoding=\"async\" width=\"771\" height=\"514\" src=\"https:\/\/la-fab.com\/wp-content\/uploads\/2019\/09\/image-386.png\" alt=\"\" class=\"wp-image-1743\" srcset=\"https:\/\/la-fab.com\/wp-content\/uploads\/2019\/09\/image-386.png 771w, https:\/\/la-fab.com\/wp-content\/uploads\/2019\/09\/image-386-300x200.png 300w\" sizes=\"auto, (max-width: 771px) 100vw, 771px\" \/><figcaption>Irena Sladoje, \u00abPaper can take anything\u00bb, 2010, video, color\/sound, 7min02<\/figcaption><\/figure><\/div>\n\n\n\n<div class=\"wp-block-image\"><figure class=\"aligncenter\"><img loading=\"lazy\" decoding=\"async\" width=\"771\" height=\"514\" src=\"https:\/\/la-fab.com\/wp-content\/uploads\/2019\/09\/image-387.png\" alt=\"\" class=\"wp-image-1745\" srcset=\"https:\/\/la-fab.com\/wp-content\/uploads\/2019\/09\/image-387.png 771w, https:\/\/la-fab.com\/wp-content\/uploads\/2019\/09\/image-387-300x200.png 300w\" sizes=\"auto, (max-width: 771px) 100vw, 771px\" \/><figcaption>Mladen Miljanovic, \u00abMeadows of Igorance\u00bb, Guilty, color photography, 90x60cm, 2008<\/figcaption><\/figure><\/div>\n\n\n\n<div class=\"wp-block-image\"><figure class=\"aligncenter\"><img loading=\"lazy\" decoding=\"async\" width=\"771\" height=\"346\" src=\"https:\/\/la-fab.com\/wp-content\/uploads\/2019\/09\/image-388.png\" alt=\"\" class=\"wp-image-1747\" srcset=\"https:\/\/la-fab.com\/wp-content\/uploads\/2019\/09\/image-388.png 771w, https:\/\/la-fab.com\/wp-content\/uploads\/2019\/09\/image-388-300x135.png 300w\" sizes=\"auto, (max-width: 771px) 100vw, 771px\" \/><figcaption>Radenko Milak, \u00ab02. april 1992, Bijeljina, Bosnia and Herzegovina\u00bb 2008-2010, 24 oil paintings, each 40x60cm&nbsp;<br>Full size : 385x175cm&nbsp;<\/figcaption><\/figure><\/div>\n\n\n\n<div class=\"wp-block-image\"><figure class=\"aligncenter\"><img loading=\"lazy\" decoding=\"async\" width=\"771\" height=\"387\" src=\"https:\/\/la-fab.com\/wp-content\/uploads\/2019\/09\/image-389.png\" alt=\"\" class=\"wp-image-1749\" srcset=\"https:\/\/la-fab.com\/wp-content\/uploads\/2019\/09\/image-389.png 771w, https:\/\/la-fab.com\/wp-content\/uploads\/2019\/09\/image-389-300x151.png 300w\" sizes=\"auto, (max-width: 771px) 100vw, 771px\" \/><figcaption>Neboj\u0161a \u0160eri\u0107 Shoba, \u00abBatllefields\u00bb, 25 photography, an ongoing series begun in 1999, 350x250cm.&nbsp;<\/figcaption><\/figure><\/div>\n\n\n\n<div class=\"wp-block-image\"><figure class=\"aligncenter\"><img loading=\"lazy\" decoding=\"async\" width=\"771\" height=\"429\" src=\"https:\/\/la-fab.com\/wp-content\/uploads\/2019\/09\/image-390.png\" alt=\"\" class=\"wp-image-1751\" srcset=\"https:\/\/la-fab.com\/wp-content\/uploads\/2019\/09\/image-390.png 771w, https:\/\/la-fab.com\/wp-content\/uploads\/2019\/09\/image-390-300x167.png 300w\" sizes=\"auto, (max-width: 771px) 100vw, 771px\" \/><figcaption>Mladen Miljanovic, \u00abI Serve Art, Day 1, 20.10.2006&#8243;, 274 photography, 20\/10\/2006 &#8211; 14\/07\/2007.&nbsp;<\/figcaption><\/figure><\/div>\n\n\n\n<div class=\"wp-block-image\"><figure class=\"aligncenter\"><img loading=\"lazy\" decoding=\"async\" width=\"771\" height=\"607\" src=\"https:\/\/la-fab.com\/wp-content\/uploads\/2019\/09\/image-391.png\" alt=\"\" class=\"wp-image-1753\" srcset=\"https:\/\/la-fab.com\/wp-content\/uploads\/2019\/09\/image-391.png 771w, https:\/\/la-fab.com\/wp-content\/uploads\/2019\/09\/image-391-300x236.png 300w\" sizes=\"auto, (max-width: 771px) 100vw, 771px\" \/><figcaption>Nina Kne\u017eevi\u0107, \u00abDingbats\u00bb, 2012-2014, variable sizes.<\/figcaption><\/figure><\/div>\n","protected":false},"featured_media":3582,"template":"","historique":[6],"type_evenement":[15],"afficher_dans_le_menu":[],"class_list":["post-1730","evenements","type-evenements","status-publish","has-post-thumbnail","hentry","historique-historique","type_evenement-la-galerie"],"acf":[],"_links":{"self":[{"href":"https:\/\/la-fab.com\/en\/wp-json\/wp\/v2\/evenements\/1730","targetHints":{"allow":["GET"]}}],"collection":[{"href":"https:\/\/la-fab.com\/en\/wp-json\/wp\/v2\/evenements"}],"about":[{"href":"https:\/\/la-fab.com\/en\/wp-json\/wp\/v2\/types\/evenements"}],"wp:featuredmedia":[{"embeddable":true,"href":"https:\/\/la-fab.com\/en\/wp-json\/wp\/v2\/media\/3582"}],"wp:attachment":[{"href":"https:\/\/la-fab.com\/en\/wp-json\/wp\/v2\/media?parent=1730"}],"wp:term":[{"taxonomy":"historique","embeddable":true,"href":"https:\/\/la-fab.com\/en\/wp-json\/wp\/v2\/historique?post=1730"},{"taxonomy":"type_evenement","embeddable":true,"href":"https:\/\/la-fab.com\/en\/wp-json\/wp\/v2\/type_evenement?post=1730"},{"taxonomy":"afficher_dans_le_menu","embeddable":true,"href":"https:\/\/la-fab.com\/en\/wp-json\/wp\/v2\/afficher_dans_le_menu?post=1730"}],"curies":[{"name":"wp","href":"https:\/\/api.w.org\/{rel}","templated":true}]}}

<figure class="wp-block-image"><img loading="lazy" decoding="async" width="770" height="1006" src="https://la-fab.com/wp-content/uploads/2019/09/image-380.png" alt="" class="wp-image-1731" srcset="https://la-fab.com/wp-content/uploads/2019/09/image-380.png 770w, https://la-fab.com/wp-content/uploads/2019/09/image-380-230x300.png 230w" sizes="auto, (max-width: 770px) 100vw, 770px" /></figure>



<p style="text-align:center" class="has-text-color has-vivid-red-color"><strong><a href="https://la-fab.com/wp-content/uploads/2019/09/cp_memory_lane.pdf">PRESS RELEASE</a></strong></p>



<div class="wp-block-image"><figure class="aligncenter"><img loading="lazy" decoding="async" width="771" height="526" src="https://la-fab.com/wp-content/uploads/2019/09/image-381.png" alt="" class="wp-image-1733" srcset="https://la-fab.com/wp-content/uploads/2019/09/image-381.png 771w, https://la-fab.com/wp-content/uploads/2019/09/image-381-300x205.png 300w" sizes="auto, (max-width: 771px) 100vw, 771px" /><figcaption>Performance de Lala Raščić à la galerie du jour le 27 Juin 2014 (with the participation of Jusuf Brkić)&nbsp;</figcaption></figure></div>



<div class="wp-block-image"><figure class="aligncenter"><img loading="lazy" decoding="async" width="771" height="551" src="https://la-fab.com/wp-content/uploads/2019/09/image-382.png" alt="" class="wp-image-1735" srcset="https://la-fab.com/wp-content/uploads/2019/09/image-382.png 771w, https://la-fab.com/wp-content/uploads/2019/09/image-382-300x214.png 300w" sizes="auto, (max-width: 771px) 100vw, 771px" /><figcaption>Edo Vejselovic, «Star City», 2009, 5 color photography 70x50cm&nbsp;</figcaption></figure></div>



<div class="wp-block-image"><figure class="aligncenter"><img loading="lazy" decoding="async" width="771" height="511" src="https://la-fab.com/wp-content/uploads/2019/09/image-383.png" alt="" class="wp-image-1737" srcset="https://la-fab.com/wp-content/uploads/2019/09/image-383.png 771w, https://la-fab.com/wp-content/uploads/2019/09/image-383-300x199.png 300w" sizes="auto, (max-width: 771px) 100vw, 771px" /><figcaption>Alma Suljevic, «Elektra 98», 2001, video, color/sound, 8min</figcaption></figure></div>



<div class="wp-block-image"><figure class="aligncenter"><img loading="lazy" decoding="async" width="713" height="1024" src="https://la-fab.com/wp-content/uploads/2019/09/image-384-713x1024.png" alt="" class="wp-image-1739" srcset="https://la-fab.com/wp-content/uploads/2019/09/image-384-713x1024.png 713w, https://la-fab.com/wp-content/uploads/2019/09/image-384-209x300.png 209w, https://la-fab.com/wp-content/uploads/2019/09/image-384.png 771w" sizes="auto, (max-width: 713px) 100vw, 713px" /><figcaption>Andrej Derkovic, «Zaborav Ubija &#8211; Forget Kill», 2005, posters, dimensions variables Edition de 300 exemplaires</figcaption></figure></div>



<div class="wp-block-image"><figure class="aligncenter"><img loading="lazy" decoding="async" width="771" height="617" src="https://la-fab.com/wp-content/uploads/2019/09/image-385.png" alt="" class="wp-image-1741" srcset="https://la-fab.com/wp-content/uploads/2019/09/image-385.png 771w, https://la-fab.com/wp-content/uploads/2019/09/image-385-300x240.png 300w" sizes="auto, (max-width: 771px) 100vw, 771px" /><figcaption>Gordana Anđelić-Galić, «Mantra», 2006, video, color/sound, 5min12s&nbsp;</figcaption></figure></div>



<div class="wp-block-image"><figure class="aligncenter"><img loading="lazy" decoding="async" width="771" height="514" src="https://la-fab.com/wp-content/uploads/2019/09/image-386.png" alt="" class="wp-image-1743" srcset="https://la-fab.com/wp-content/uploads/2019/09/image-386.png 771w, https://la-fab.com/wp-content/uploads/2019/09/image-386-300x200.png 300w" sizes="auto, (max-width: 771px) 100vw, 771px" /><figcaption>Irena Sladoje, «Paper can take anything», 2010, video, color/sound, 7min02</figcaption></figure></div>



<div class="wp-block-image"><figure class="aligncenter"><img loading="lazy" decoding="async" width="771" height="514" src="https://la-fab.com/wp-content/uploads/2019/09/image-387.png" alt="" class="wp-image-1745" srcset="https://la-fab.com/wp-content/uploads/2019/09/image-387.png 771w, https://la-fab.com/wp-content/uploads/2019/09/image-387-300x200.png 300w" sizes="auto, (max-width: 771px) 100vw, 771px" /><figcaption>Mladen Miljanovic, «Meadows of Igorance», Guilty, color photography, 90x60cm, 2008</figcaption></figure></div>



<div class="wp-block-image"><figure class="aligncenter"><img loading="lazy" decoding="async" width="771" height="346" src="https://la-fab.com/wp-content/uploads/2019/09/image-388.png" alt="" class="wp-image-1747" srcset="https://la-fab.com/wp-content/uploads/2019/09/image-388.png 771w, https://la-fab.com/wp-content/uploads/2019/09/image-388-300x135.png 300w" sizes="auto, (max-width: 771px) 100vw, 771px" /><figcaption>Radenko Milak, «02. april 1992, Bijeljina, Bosnia and Herzegovina» 2008-2010, 24 oil paintings, each 40x60cm&nbsp;<br>Full size : 385x175cm&nbsp;</figcaption></figure></div>



<div class="wp-block-image"><figure class="aligncenter"><img loading="lazy" decoding="async" width="771" height="387" src="https://la-fab.com/wp-content/uploads/2019/09/image-389.png" alt="" class="wp-image-1749" srcset="https://la-fab.com/wp-content/uploads/2019/09/image-389.png 771w, https://la-fab.com/wp-content/uploads/2019/09/image-389-300x151.png 300w" sizes="auto, (max-width: 771px) 100vw, 771px" /><figcaption>Nebojša Šerić Shoba, «Batllefields», 25 photography, an ongoing series begun in 1999, 350x250cm.&nbsp;</figcaption></figure></div>



<div class="wp-block-image"><figure class="aligncenter"><img loading="lazy" decoding="async" width="771" height="429" src="https://la-fab.com/wp-content/uploads/2019/09/image-390.png" alt="" class="wp-image-1751" srcset="https://la-fab.com/wp-content/uploads/2019/09/image-390.png 771w, https://la-fab.com/wp-content/uploads/2019/09/image-390-300x167.png 300w" sizes="auto, (max-width: 771px) 100vw, 771px" /><figcaption>Mladen Miljanovic, «I Serve Art, Day 1, 20.10.2006&#8243;, 274 photography, 20/10/2006 &#8211; 14/07/2007.&nbsp;</figcaption></figure></div>



<div class="wp-block-image"><figure class="aligncenter"><img loading="lazy" decoding="async" width="771" height="607" src="https://la-fab.com/wp-content/uploads/2019/09/image-391.png" alt="" class="wp-image-1753" srcset="https://la-fab.com/wp-content/uploads/2019/09/image-391.png 771w, https://la-fab.com/wp-content/uploads/2019/09/image-391-300x236.png 300w" sizes="auto, (max-width: 771px) 100vw, 771px" /><figcaption>Nina Knežević, «Dingbats», 2012-2014, variable sizes.</figcaption></figure></div>
