{"id":8621,"date":"2022-10-21T15:44:41","date_gmt":"2022-10-21T13:44:41","guid":{"rendered":"https:\/\/la-fab.com\/evenements\/table-ronde-lecriture-comme-levier-de-diffusion-copy\/"},"modified":"2022-10-21T18:04:56","modified_gmt":"2022-10-21T16:04:56","slug":"table-ronde-lecriture-comme-levier-de-diffusion-copy","status":"publish","type":"evenements","link":"https:\/\/la-fab.com\/en\/evenements\/table-ronde-lecriture-comme-levier-de-diffusion-copy\/","title":{"rendered":"Round Table | The new literary geographies"},"content":{"rendered":"\n<h2 class=\"has-text-align-center has-large-font-size wp-block-heading\" style=\"font-style:normal;font-weight:600\">Round Table | The new literary geographies + radio set : 100th episode of &#8220;<em>Death of Poetry<\/em>&#8220;<\/h2>\n\n\n\n<p class=\"has-text-align-center\" style=\"font-size:30px\">Saturday, November 26, 2022 ; 6-9 p.m.<\/p>\n\n\n\n<p class=\"has-text-align-center\" style=\"font-size:22px\"><em>As part of the STURMFREI Festival<\/em><\/p>\n\n\n\n<figure class=\"wp-block-image size-full\"><img loading=\"lazy\" decoding=\"async\" width=\"960\" height=\"540\" src=\"https:\/\/la-fab.com\/wp-content\/uploads\/2022\/10\/TR.jpeg\" alt=\"\" class=\"wp-image-8619\"\/><\/figure>\n\n\n\n<p class=\"has-text-align-center\" style=\"font-size:22px\">With : L\u00e9na Araguas et Alaric Garnier (Rotolux Press), Eva Anna Mar\u00e9chal (Sabir) et St\u00e9phanie Boubli (Supernova)<\/p>\n","protected":false},"featured_media":8613,"template":"","historique":[6],"type_evenement":[33],"afficher_dans_le_menu":[30],"class_list":["post-8621","evenements","type-evenements","status-publish","has-post-thumbnail","hentry","historique-historique","type_evenement-la-librairie","afficher_dans_le_menu-menu"],"acf":[],"_links":{"self":[{"href":"https:\/\/la-fab.com\/en\/wp-json\/wp\/v2\/evenements\/8621","targetHints":{"allow":["GET"]}}],"collection":[{"href":"https:\/\/la-fab.com\/en\/wp-json\/wp\/v2\/evenements"}],"about":[{"href":"https:\/\/la-fab.com\/en\/wp-json\/wp\/v2\/types\/evenements"}],"wp:featuredmedia":[{"embeddable":true,"href":"https:\/\/la-fab.com\/en\/wp-json\/wp\/v2\/media\/8613"}],"wp:attachment":[{"href":"https:\/\/la-fab.com\/en\/wp-json\/wp\/v2\/media?parent=8621"}],"wp:term":[{"taxonomy":"historique","embeddable":true,"href":"https:\/\/la-fab.com\/en\/wp-json\/wp\/v2\/historique?post=8621"},{"taxonomy":"type_evenement","embeddable":true,"href":"https:\/\/la-fab.com\/en\/wp-json\/wp\/v2\/type_evenement?post=8621"},{"taxonomy":"afficher_dans_le_menu","embeddable":true,"href":"https:\/\/la-fab.com\/en\/wp-json\/wp\/v2\/afficher_dans_le_menu?post=8621"}],"curies":[{"name":"wp","href":"https:\/\/api.w.org\/{rel}","templated":true}]}}

<h2 class="has-text-align-center has-large-font-size wp-block-heading" style="font-style:normal;font-weight:600">Round Table | The new literary geographies + radio set : 100th episode of &#8220;<em>Death of Poetry</em>&#8220;</h2>



<p class="has-text-align-center" style="font-size:30px">Saturday, November 26, 2022 ; 6-9 p.m.</p>



<p class="has-text-align-center" style="font-size:22px"><em>As part of the STURMFREI Festival</em></p>



<figure class="wp-block-image size-full"><img loading="lazy" decoding="async" width="960" height="540" src="https://la-fab.com/wp-content/uploads/2022/10/TR.jpeg" alt="" class="wp-image-8619"/></figure>



<p class="has-text-align-center" style="font-size:22px">With : Léna Araguas et Alaric Garnier (Rotolux Press), Eva Anna Maréchal (Sabir) et Stéphanie Boubli (Supernova)</p>
