{"id":9909,"date":"2024-02-28T18:00:00","date_gmt":"2024-02-28T17:00:00","guid":{"rendered":"https:\/\/la-fab.com\/?post_type=evenements&#038;p=9909"},"modified":"2024-02-28T18:00:00","modified_gmt":"2024-02-28T17:00:00","slug":"rencontre-signature-autour-de-louvrage-le-ciel-reste-ouvert-de-bernard-soria","status":"publish","type":"evenements","link":"https:\/\/la-fab.com\/en\/evenements\/rencontre-signature-autour-de-louvrage-le-ciel-reste-ouvert-de-bernard-soria\/","title":{"rendered":"Rencontre &#038; signature autour de l&#8217;ouvrage &#8220;Le ciel reste ouvert&#8221; de Bernard Soria"},"content":{"rendered":"\n<h2 class=\"has-text-align-center wp-block-heading\" style=\"font-size:30px;font-style:normal;font-weight:600;text-transform:uppercase\">Rencontre &amp; signature autour de l&#8217;ouvrage &#8220;<em>Le ciel reste ouvert<\/em>&#8221; de Bernard Soria<\/h2>\n\n\n<div class=\"wp-block-image\">\n<figure class=\"aligncenter size-large\"><img loading=\"lazy\" decoding=\"async\" width=\"1024\" height=\"576\" src=\"https:\/\/la-fab.com\/wp-content\/uploads\/2024\/02\/ciel_fb_2-1-1024x576.png\" alt=\"\" class=\"wp-image-9905\" srcset=\"https:\/\/la-fab.com\/wp-content\/uploads\/2024\/02\/ciel_fb_2-1-1024x576.png 1024w, https:\/\/la-fab.com\/wp-content\/uploads\/2024\/02\/ciel_fb_2-1-300x169.png 300w, https:\/\/la-fab.com\/wp-content\/uploads\/2024\/02\/ciel_fb_2-1-1536x864.png 1536w, https:\/\/la-fab.com\/wp-content\/uploads\/2024\/02\/ciel_fb_2-1.png 1920w\" sizes=\"auto, (max-width: 1024px) 100vw, 1024px\" \/><\/figure>\n<\/div>\n\n\n<p class=\"has-text-align-center\">Comment traversons-nous le temps ? Dans un nouveau monde oscillant entre incertitude et libert\u00e9 retrouv\u00e9e, le regard op\u00e8re des connections inattendues avec ce qui l&#8217;entoure.<br><strong>Bernard Soria<\/strong> poursuit sa r\u00e9flexion photographique \u00e0 travers un livre &#8220;<em>Le ciel reste ouvert<\/em>&#8221; accompagn\u00e9 d&#8217;une exposition in\u00e9dite au c\u0153ur des rencontres d&#8217;Arles 2023.<\/p>\n\n\n\n<hr class=\"wp-block-separator has-text-color has-alpha-channel-opacity has-background is-style-dots\" style=\"background-color:#8dc4fc;color:#8dc4fc\"\/>\n\n\n\n<p>La photographie de <strong>Bernard Soria<\/strong> est une \u00e9manation du quotidien. Instants de vie et d\u00e9sirs se d\u00e9ploient dans les images de l\u2019artiste, comme l\u2019affirmation d\u2019une exp\u00e9rience physique des \u00eatres et des choses.<br>Le ciel reste ouvert signe les retrouvailles avec un monde organique, source d\u2019inspiration majeure et personnage principal du projet photographique. Il succ\u00e8de au pr\u00e9c\u00e9dent ouvrage &#8220;<em>On ne ferme pas le ciel<\/em>,&#8221; con\u00e7u par l\u2019artiste en mars 2020 \u00e0 l\u2019\u00e9poque o\u00f9 la vie s\u2019exer\u00e7ait en huis-clos.<br>Aujourd\u2019hui <strong>Bernard Soria<\/strong> nous parle d\u2019ouverture au monde, de voyage imaginaire et embrasse la nature dans toute sa libre complexit\u00e9.<br>Les images vibrantes se croisent, se confrontent et s\u2019entrem\u00ealent. On observe dans cet ensemble les couleurs insolentes du vivant, la sensualit\u00e9 des textures et l\u2019\u00e9tranget\u00e9 formelle d\u2019un environnement humain et v\u00e9g\u00e9tal aussi doux qu\u2019\u00e9trange. Les associations in\u00e9dites court-circuitent nos id\u00e9es re\u00e7ues et donnent corps \u00e0 une vision foisonnante d\u00e9lib\u00e9r\u00e9ment teint\u00e9e de surr\u00e9alisme.<br>La posture narrative affirm\u00e9e dans ce nouvel ouvrage invite le spectateur \u00e0 se laisser porter par la rythmique des images, ponctu\u00e9e de quelques pens\u00e9es intimes, comme des maximes de vie pour les temps nouveaux. Se nourrir d\u2019une lumi\u00e8re volontaire et g\u00e9n\u00e9reuse. Observer le dehors pour mieux voir en soi. Vivre et esp\u00e9rer, entre ciel et terre.<\/p>\n\n\n\n<p>Livre 176 pages \u2013 Couverture avec rabat bords arrondis Format 164 x 220 \u2013 Editions Cibola &#8211; Prix : 35\u20ac<\/p>\n\n\n\n<hr class=\"wp-block-separator has-text-color has-alpha-channel-opacity has-background is-style-dots\" style=\"background-color:#8dc4fc;color:#8dc4fc\"\/>\n\n\n\n<p class=\"has-text-align-center\"><strong>*** \u00c0 PROPOS DE BERNARD SORIA ***<\/strong><\/p>\n\n\n\n<p class=\"has-text-align-center\">Depuis plus de 20 ans, le travail photographique de Bernard Soria est domin\u00e9 par le myst\u00e8re, la po\u00e9sie et la m\u00e9lancolie. Souvent, son univers semble porter en lui un avenir incertain. Mais au sein de ces harmonies en mode mineur, la vie surgit, arrach\u00e9e aux d\u00e9tails du quotidien.<\/p>\n\n\n\n<p class=\"has-text-align-center\">Bernard Soria, photographe, vit et travaille entre Paris et le Sud de la France.<\/p>\n","protected":false},"featured_media":9908,"template":"","historique":[],"type_evenement":[33],"afficher_dans_le_menu":[30],"class_list":["post-9909","evenements","type-evenements","status-publish","has-post-thumbnail","hentry","type_evenement-la-librairie","afficher_dans_le_menu-menu"],"acf":[],"_links":{"self":[{"href":"https:\/\/la-fab.com\/en\/wp-json\/wp\/v2\/evenements\/9909","targetHints":{"allow":["GET"]}}],"collection":[{"href":"https:\/\/la-fab.com\/en\/wp-json\/wp\/v2\/evenements"}],"about":[{"href":"https:\/\/la-fab.com\/en\/wp-json\/wp\/v2\/types\/evenements"}],"wp:featuredmedia":[{"embeddable":true,"href":"https:\/\/la-fab.com\/en\/wp-json\/wp\/v2\/media\/9908"}],"wp:attachment":[{"href":"https:\/\/la-fab.com\/en\/wp-json\/wp\/v2\/media?parent=9909"}],"wp:term":[{"taxonomy":"historique","embeddable":true,"href":"https:\/\/la-fab.com\/en\/wp-json\/wp\/v2\/historique?post=9909"},{"taxonomy":"type_evenement","embeddable":true,"href":"https:\/\/la-fab.com\/en\/wp-json\/wp\/v2\/type_evenement?post=9909"},{"taxonomy":"afficher_dans_le_menu","embeddable":true,"href":"https:\/\/la-fab.com\/en\/wp-json\/wp\/v2\/afficher_dans_le_menu?post=9909"}],"curies":[{"name":"wp","href":"https:\/\/api.w.org\/{rel}","templated":true}]}}

<h2 class="has-text-align-center wp-block-heading" style="font-size:30px;font-style:normal;font-weight:600;text-transform:uppercase">Rencontre &amp; signature autour de l&#8217;ouvrage &#8220;<em>Le ciel reste ouvert</em>&#8221; de Bernard Soria</h2>


<div class="wp-block-image">
<figure class="aligncenter size-large"><img loading="lazy" decoding="async" width="1024" height="576" src="https://la-fab.com/wp-content/uploads/2024/02/ciel_fb_2-1-1024x576.png" alt="" class="wp-image-9905" srcset="https://la-fab.com/wp-content/uploads/2024/02/ciel_fb_2-1-1024x576.png 1024w, https://la-fab.com/wp-content/uploads/2024/02/ciel_fb_2-1-300x169.png 300w, https://la-fab.com/wp-content/uploads/2024/02/ciel_fb_2-1-1536x864.png 1536w, https://la-fab.com/wp-content/uploads/2024/02/ciel_fb_2-1.png 1920w" sizes="auto, (max-width: 1024px) 100vw, 1024px" /></figure>
</div>


<p class="has-text-align-center">Comment traversons-nous le temps ? Dans un nouveau monde oscillant entre incertitude et liberté retrouvée, le regard opère des connections inattendues avec ce qui l&#8217;entoure.<br><strong>Bernard Soria</strong> poursuit sa réflexion photographique à travers un livre &#8220;<em>Le ciel reste ouvert</em>&#8221; accompagné d&#8217;une exposition inédite au cœur des rencontres d&#8217;Arles 2023.</p>



<hr class="wp-block-separator has-text-color has-alpha-channel-opacity has-background is-style-dots" style="background-color:#8dc4fc;color:#8dc4fc"/>



<p>La photographie de <strong>Bernard Soria</strong> est une émanation du quotidien. Instants de vie et désirs se déploient dans les images de l’artiste, comme l’affirmation d’une expérience physique des êtres et des choses.<br>Le ciel reste ouvert signe les retrouvailles avec un monde organique, source d’inspiration majeure et personnage principal du projet photographique. Il succède au précédent ouvrage &#8220;<em>On ne ferme pas le ciel</em>,&#8221; conçu par l’artiste en mars 2020 à l’époque où la vie s’exerçait en huis-clos.<br>Aujourd’hui <strong>Bernard Soria</strong> nous parle d’ouverture au monde, de voyage imaginaire et embrasse la nature dans toute sa libre complexité.<br>Les images vibrantes se croisent, se confrontent et s’entremêlent. On observe dans cet ensemble les couleurs insolentes du vivant, la sensualité des textures et l’étrangeté formelle d’un environnement humain et végétal aussi doux qu’étrange. Les associations inédites court-circuitent nos idées reçues et donnent corps à une vision foisonnante délibérément teintée de surréalisme.<br>La posture narrative affirmée dans ce nouvel ouvrage invite le spectateur à se laisser porter par la rythmique des images, ponctuée de quelques pensées intimes, comme des maximes de vie pour les temps nouveaux. Se nourrir d’une lumière volontaire et généreuse. Observer le dehors pour mieux voir en soi. Vivre et espérer, entre ciel et terre.</p>



<p>Livre 176 pages – Couverture avec rabat bords arrondis Format 164 x 220 – Editions Cibola &#8211; Prix : 35€</p>



<hr class="wp-block-separator has-text-color has-alpha-channel-opacity has-background is-style-dots" style="background-color:#8dc4fc;color:#8dc4fc"/>



<p class="has-text-align-center"><strong>*** À PROPOS DE BERNARD SORIA ***</strong></p>



<p class="has-text-align-center">Depuis plus de 20 ans, le travail photographique de Bernard Soria est dominé par le mystère, la poésie et la mélancolie. Souvent, son univers semble porter en lui un avenir incertain. Mais au sein de ces harmonies en mode mineur, la vie surgit, arrachée aux détails du quotidien.</p>



<p class="has-text-align-center">Bernard Soria, photographe, vit et travaille entre Paris et le Sud de la France.</p>
