{"id":11170,"date":"2024-12-12T18:17:41","date_gmt":"2024-12-12T17:17:41","guid":{"rendered":"https:\/\/la-fab.com\/?post_type=la_galerie&#038;p=11170"},"modified":"2024-12-14T15:05:09","modified_gmt":"2024-12-14T14:05:09","slug":"summer-snowflakes-les-flocons-dete","status":"publish","type":"la_galerie","link":"https:\/\/la-fab.com\/en\/la_galerie\/summer-snowflakes-les-flocons-dete\/","title":{"rendered":"Flocons de l&#8217;\u00e9t\u00e9 (sur tout ton corps sont tatou\u00e9es des perles d\u2019or)"},"content":{"rendered":"\n<h2 class=\"has-text-align-center has-x-large-font-size wp-block-heading\">Flocons de l&#8217;\u00e9t\u00e9 (sur tout ton corps sont tatou\u00e9es des perles d\u2019or)<\/h2>\n\n\n\n<p class=\"has-text-align-center has-luminous-vivid-orange-color has-text-color\" style=\"font-size:25px\"><strong>From January 11 to March 2, 2025.<\/strong><\/p>\n\n\n\n<p class=\"has-text-align-center has-luminous-vivid-orange-color has-text-color\" style=\"font-size:25px\"><strong>Opening Friday January 10, 2025 from 6 p.m. to 9 p.m. in the presence of the artists and the exhibition curator.<\/strong><\/p>\n\n\n\n<div style=\"height:45px\" aria-hidden=\"true\" class=\"wp-block-spacer\"><\/div>\n\n\n\n<p>Under the title Les Flocons de l\u2019\u00e9t\u00e9 (golden pearls are tattooed all over your body), this exhibition offers a journey without beginning or end, accompanied by a dedicated soundtrack, which would stretch from an infinite summer day to a suspended winter night: \u201cIt\u2019s winter, in summer \/ The sleepless night could last \/ All eternity \/ Far, so far, oneself exiled \/ Under the snowflakes of summer \/ The night could last \/ All eternity\u201d.<\/p>\n\n\n\n<p>The exhibition brings together twelve emerging artists living between Marseille, Paris and their suburbs \u2013 Jean Bosphore, Nicolas Boulben, Jean Claracq, Antoine Conde, Adrien Fricheteau, Lazare Lazarus, Lou Olmos&#8211;Arsenne, Jules Magistry, Julien Robles, Camille Roquet, Paul Rousteau and Victor Siret \u2013 who each explore in their own way the ordinary experiences of the eternal adolescents of the 2000s-2020s. A distraught youth who, in the heart of standardized and interchangeable urban suburbs, occupy their time in a fragmentary way, riveted to liquid crystal screens, between smartphone applications, video games and Netflix programs, or in streets and parks that are almost abandoned or neglected. The cinema of David Lynch, Gus Van Sant, Gregg Araki and Harmony Korine or the photographs of Larry Clark, Ed Templeton and Ari Marcopoulos regularly come up as references, even the work of David Hockney.<\/p>\n\n\n\n<p>However, these twelve artists very paradoxically practice artistic techniques specific to the long term: tapestry, drawing with colored pencil, ballpoint pen or ink, engraving or monotype, or even particularly meticulous painting. Simple, touching and falsely innocent, their works therefore reveal complex and sometimes disturbing universes between nostalgia for the 1980s-2000s &#8211; this end of the last century when they were born, solitude and melancholy of the present time and projection into unexpected futures that they romanticize or fictionalize.<\/p>\n\n\n\n<p>Beyond the torments, questions and hopes that it generates, they build their identity(ies) on the courage and intensity that can bring recognition if not self-affirmation, collective struggle and the gradual learning of confidence in others as in oneself and develop views on masculinity of a new kind. Of a wild and fierce beauty, their works bear witness to this with an unequalled force, determination and enjoyment.<\/p>\n\n\n\n<p>Didn&#8217;t Ren\u00e9 Char profess: &#8220;Impose your luck, hold on to your happiness and go towards your risk. By looking at you, they will get used to it.&#8221;<\/p>\n\n\n\n<p><strong>Marc Donnadieu, curator of the exhibition.<\/strong><\/p>\n\n\n\n<div style=\"height:91px\" aria-hidden=\"true\" class=\"wp-block-spacer\"><\/div>\n\n\n\n<h2 class=\"wp-block-heading\">Marc Donnadieu, the exhibition curator<\/h2>\n\n\n\n<div class=\"wp-block-media-text alignwide is-stacked-on-mobile\" style=\"grid-template-columns:32% auto\"><figure class=\"wp-block-media-text__media\"><img loading=\"lazy\" decoding=\"async\" width=\"1024\" height=\"1021\" src=\"https:\/\/la-fab.com\/wp-content\/uploads\/2024\/12\/Marc-Donnadieu_\u00a9Mathilda-Olmi-recadre\u0301-1024x1021.jpg\" alt=\"\" class=\"wp-image-11105 size-full\" srcset=\"https:\/\/la-fab.com\/wp-content\/uploads\/2024\/12\/Marc-Donnadieu_\u00a9Mathilda-Olmi-recadre\u0301-1024x1021.jpg 1024w, https:\/\/la-fab.com\/wp-content\/uploads\/2024\/12\/Marc-Donnadieu_\u00a9Mathilda-Olmi-recadre\u0301-300x300.jpg 300w, https:\/\/la-fab.com\/wp-content\/uploads\/2024\/12\/Marc-Donnadieu_\u00a9Mathilda-Olmi-recadre\u0301-150x150.jpg 150w, https:\/\/la-fab.com\/wp-content\/uploads\/2024\/12\/Marc-Donnadieu_\u00a9Mathilda-Olmi-recadre\u0301.jpg 1500w\" sizes=\"auto, (max-width: 1024px) 100vw, 1024px\" \/><\/figure><div class=\"wp-block-media-text__content\">\n<p>Born in 1960, in Jerada, Morocco.<br>Marc Donnadieu is a researcher, teacher, art critic and independent exhibition curator. A member of ICOM since 2010, he was chief curator of Photo \u00c9lys\u00e9e (Cantonal Museum for Photography, Lausanne, Switzerland) from 2017 to 2023, curator in charge of contemporary art at the LaM Museum of Modern, Contemporary and Outsider Art of Lille M\u00e9tropole from 2010 to 2017, director of the Regional Contemporary Art Fund of Haute-Normandie from 1999 to 2010. A member of the International Association of Art Critics (AICA) France since 1997, he has regularly contributed to Art Press since 1994 and The Art Newspaper since 2023. He was awarded the Special Prize for the 10th anniversary of the AICA France Prize in 2022 and was made a Knight of the Order of Arts and Letters in 2004. He has also written or contributed to numerous monographic or thematic works in the fields of fine arts, photography, architecture, design or fashion. At the same time, he has been curator or co-curator of monographic or thematic exhibitions of reference devoted to the notion of commitment, to the processes of construction of identities and contemporary bodies, to the pictorial field, to drawing practices, to the relationships between art and architecture, as well as to the relationships between photography and art brut.<\/p>\n\n\n\n<p><strong>Photo credit : Mathilda Olmi<\/strong><\/p>\n<\/div><\/div>\n\n\n\n<div style=\"height:190px\" aria-hidden=\"true\" class=\"wp-block-spacer\"><\/div>\n\n\n\n<figure class=\"wp-block-gallery has-nested-images columns-default is-cropped wp-block-gallery-1 is-layout-flex wp-block-gallery-is-layout-flex\">\n<figure class=\"wp-block-image size-full\"><img loading=\"lazy\" decoding=\"async\" width=\"1200\" height=\"1596\" data-id=\"11107\" src=\"https:\/\/la-fab.com\/wp-content\/uploads\/2024\/12\/Jean-Claracq-Joueur-de-water-polo-2024.jpg\" alt=\"\" class=\"wp-image-11107\" srcset=\"https:\/\/la-fab.com\/wp-content\/uploads\/2024\/12\/Jean-Claracq-Joueur-de-water-polo-2024.jpg 1200w, https:\/\/la-fab.com\/wp-content\/uploads\/2024\/12\/Jean-Claracq-Joueur-de-water-polo-2024-226x300.jpg 226w, https:\/\/la-fab.com\/wp-content\/uploads\/2024\/12\/Jean-Claracq-Joueur-de-water-polo-2024-770x1024.jpg 770w, https:\/\/la-fab.com\/wp-content\/uploads\/2024\/12\/Jean-Claracq-Joueur-de-water-polo-2024-1155x1536.jpg 1155w\" sizes=\"auto, (max-width: 1200px) 100vw, 1200px\" \/><figcaption class=\"wp-element-caption\">Jean Claracq, Joueur de water-polo, 2024.<\/figcaption><\/figure>\n\n\n\n<figure class=\"wp-block-image size-full\"><img loading=\"lazy\" decoding=\"async\" width=\"1300\" height=\"1507\" data-id=\"11116\" src=\"https:\/\/la-fab.com\/wp-content\/uploads\/2024\/12\/Lazare-Lazarus-Demon.webp\" alt=\"\" class=\"wp-image-11116\" srcset=\"https:\/\/la-fab.com\/wp-content\/uploads\/2024\/12\/Lazare-Lazarus-Demon.webp 1300w, https:\/\/la-fab.com\/wp-content\/uploads\/2024\/12\/Lazare-Lazarus-Demon-259x300.webp 259w, https:\/\/la-fab.com\/wp-content\/uploads\/2024\/12\/Lazare-Lazarus-Demon-883x1024.webp 883w\" sizes=\"auto, (max-width: 1300px) 100vw, 1300px\" \/><figcaption class=\"wp-element-caption\">Lazare Lazarus, D\u00e9mon.<\/figcaption><\/figure>\n\n\n\n<figure class=\"wp-block-image size-large\"><img loading=\"lazy\" decoding=\"async\" width=\"819\" height=\"1024\" data-id=\"11108\" src=\"https:\/\/la-fab.com\/wp-content\/uploads\/2024\/12\/OK__Camille-Roquet-Dont-Be-So-Rude-With-You-2022-2024_1-819x1024.jpg\" alt=\"\" class=\"wp-image-11108\" srcset=\"https:\/\/la-fab.com\/wp-content\/uploads\/2024\/12\/OK__Camille-Roquet-Dont-Be-So-Rude-With-You-2022-2024_1-819x1024.jpg 819w, https:\/\/la-fab.com\/wp-content\/uploads\/2024\/12\/OK__Camille-Roquet-Dont-Be-So-Rude-With-You-2022-2024_1-240x300.jpg 240w, https:\/\/la-fab.com\/wp-content\/uploads\/2024\/12\/OK__Camille-Roquet-Dont-Be-So-Rude-With-You-2022-2024_1.jpg 1080w\" sizes=\"auto, (max-width: 819px) 100vw, 819px\" \/><figcaption class=\"wp-element-caption\">Camille Roquet, Don&#8217;t Be So Rude With You, 2022-2024_#1<\/figcaption><\/figure>\n\n\n\n<figure class=\"wp-block-image size-full\"><img loading=\"lazy\" decoding=\"async\" width=\"1118\" height=\"1676\" data-id=\"11118\" src=\"https:\/\/la-fab.com\/wp-content\/uploads\/2024\/12\/Paul-Rousteau_La-Plage-les-Peintres_3.png\" alt=\"\" class=\"wp-image-11118\" srcset=\"https:\/\/la-fab.com\/wp-content\/uploads\/2024\/12\/Paul-Rousteau_La-Plage-les-Peintres_3.png 1118w, https:\/\/la-fab.com\/wp-content\/uploads\/2024\/12\/Paul-Rousteau_La-Plage-les-Peintres_3-200x300.png 200w, https:\/\/la-fab.com\/wp-content\/uploads\/2024\/12\/Paul-Rousteau_La-Plage-les-Peintres_3-683x1024.png 683w, https:\/\/la-fab.com\/wp-content\/uploads\/2024\/12\/Paul-Rousteau_La-Plage-les-Peintres_3-1025x1536.png 1025w\" sizes=\"auto, (max-width: 1118px) 100vw, 1118px\" \/><figcaption class=\"wp-element-caption\"><em>Paul Rousteau_La Plage &amp; les Peintres<\/em>#3.<\/figcaption><\/figure>\n\n\n\n<figure class=\"wp-block-image size-full\"><img loading=\"lazy\" decoding=\"async\" width=\"480\" height=\"289\" data-id=\"11110\" src=\"https:\/\/la-fab.com\/wp-content\/uploads\/2024\/12\/Jules-Magistry-Paranoid-Park-2020.jpg\" alt=\"\" class=\"wp-image-11110\" srcset=\"https:\/\/la-fab.com\/wp-content\/uploads\/2024\/12\/Jules-Magistry-Paranoid-Park-2020.jpg 480w, https:\/\/la-fab.com\/wp-content\/uploads\/2024\/12\/Jules-Magistry-Paranoid-Park-2020-300x181.jpg 300w\" sizes=\"auto, (max-width: 480px) 100vw, 480px\" \/><figcaption class=\"wp-element-caption\">Jules Magistry, Paranoid Park, 2020.<\/figcaption><\/figure>\n\n\n\n<figure class=\"wp-block-image size-full\"><img loading=\"lazy\" decoding=\"async\" width=\"645\" height=\"816\" data-id=\"11120\" src=\"https:\/\/la-fab.com\/wp-content\/uploads\/2024\/12\/Adrien-Fricheteau-Pas-le-time-2021.png\" alt=\"\" class=\"wp-image-11120\" srcset=\"https:\/\/la-fab.com\/wp-content\/uploads\/2024\/12\/Adrien-Fricheteau-Pas-le-time-2021.png 645w, https:\/\/la-fab.com\/wp-content\/uploads\/2024\/12\/Adrien-Fricheteau-Pas-le-time-2021-237x300.png 237w\" sizes=\"auto, (max-width: 645px) 100vw, 645px\" \/><figcaption class=\"wp-element-caption\">Adrien Fricheteau, Pas le time, 2021.<\/figcaption><\/figure>\n<\/figure>\n","protected":false},"featured_media":11104,"template":"","type_actu_galerie":[],"class_list":["post-11170","la_galerie","type-la_galerie","status-publish","has-post-thumbnail","hentry"],"acf":[],"_links":{"self":[{"href":"https:\/\/la-fab.com\/en\/wp-json\/wp\/v2\/la_galerie\/11170","targetHints":{"allow":["GET"]}}],"collection":[{"href":"https:\/\/la-fab.com\/en\/wp-json\/wp\/v2\/la_galerie"}],"about":[{"href":"https:\/\/la-fab.com\/en\/wp-json\/wp\/v2\/types\/la_galerie"}],"wp:featuredmedia":[{"embeddable":true,"href":"https:\/\/la-fab.com\/en\/wp-json\/wp\/v2\/media\/11104"}],"wp:attachment":[{"href":"https:\/\/la-fab.com\/en\/wp-json\/wp\/v2\/media?parent=11170"}],"wp:term":[{"taxonomy":"type_actu_galerie","embeddable":true,"href":"https:\/\/la-fab.com\/en\/wp-json\/wp\/v2\/type_actu_galerie?post=11170"}],"curies":[{"name":"wp","href":"https:\/\/api.w.org\/{rel}","templated":true}]}}

Flocons de l&#8217;été (sur tout ton corps sont tatouées des perles d’or)

<h2 class="has-text-align-center has-x-large-font-size wp-block-heading">Flocons de l&#8217;été (sur tout ton corps sont tatouées des perles d’or)</h2>



<p class="has-text-align-center has-luminous-vivid-orange-color has-text-color" style="font-size:25px"><strong>From January 11 to March 2, 2025.</strong></p>



<p class="has-text-align-center has-luminous-vivid-orange-color has-text-color" style="font-size:25px"><strong>Opening Friday January 10, 2025 from 6 p.m. to 9 p.m. in the presence of the artists and the exhibition curator.</strong></p>



<div style="height:45px" aria-hidden="true" class="wp-block-spacer"></div>



<p>Under the title Les Flocons de l’été (golden pearls are tattooed all over your body), this exhibition offers a journey without beginning or end, accompanied by a dedicated soundtrack, which would stretch from an infinite summer day to a suspended winter night: “It’s winter, in summer / The sleepless night could last / All eternity / Far, so far, oneself exiled / Under the snowflakes of summer / The night could last / All eternity”.</p>



<p>The exhibition brings together twelve emerging artists living between Marseille, Paris and their suburbs – Jean Bosphore, Nicolas Boulben, Jean Claracq, Antoine Conde, Adrien Fricheteau, Lazare Lazarus, Lou Olmos&#8211;Arsenne, Jules Magistry, Julien Robles, Camille Roquet, Paul Rousteau and Victor Siret – who each explore in their own way the ordinary experiences of the eternal adolescents of the 2000s-2020s. A distraught youth who, in the heart of standardized and interchangeable urban suburbs, occupy their time in a fragmentary way, riveted to liquid crystal screens, between smartphone applications, video games and Netflix programs, or in streets and parks that are almost abandoned or neglected. The cinema of David Lynch, Gus Van Sant, Gregg Araki and Harmony Korine or the photographs of Larry Clark, Ed Templeton and Ari Marcopoulos regularly come up as references, even the work of David Hockney.</p>



<p>However, these twelve artists very paradoxically practice artistic techniques specific to the long term: tapestry, drawing with colored pencil, ballpoint pen or ink, engraving or monotype, or even particularly meticulous painting. Simple, touching and falsely innocent, their works therefore reveal complex and sometimes disturbing universes between nostalgia for the 1980s-2000s &#8211; this end of the last century when they were born, solitude and melancholy of the present time and projection into unexpected futures that they romanticize or fictionalize.</p>



<p>Beyond the torments, questions and hopes that it generates, they build their identity(ies) on the courage and intensity that can bring recognition if not self-affirmation, collective struggle and the gradual learning of confidence in others as in oneself and develop views on masculinity of a new kind. Of a wild and fierce beauty, their works bear witness to this with an unequalled force, determination and enjoyment.</p>



<p>Didn&#8217;t René Char profess: &#8220;Impose your luck, hold on to your happiness and go towards your risk. By looking at you, they will get used to it.&#8221;</p>



<p><strong>Marc Donnadieu, curator of the exhibition.</strong></p>



<div style="height:91px" aria-hidden="true" class="wp-block-spacer"></div>



<h2 class="wp-block-heading">Marc Donnadieu, the exhibition curator</h2>



<div class="wp-block-media-text alignwide is-stacked-on-mobile" style="grid-template-columns:32% auto"><figure class="wp-block-media-text__media"><img loading="lazy" decoding="async" width="1024" height="1021" src="https://la-fab.com/wp-content/uploads/2024/12/Marc-Donnadieu_©Mathilda-Olmi-recadré-1024x1021.jpg" alt="" class="wp-image-11105 size-full" srcset="https://la-fab.com/wp-content/uploads/2024/12/Marc-Donnadieu_©Mathilda-Olmi-recadré-1024x1021.jpg 1024w, https://la-fab.com/wp-content/uploads/2024/12/Marc-Donnadieu_©Mathilda-Olmi-recadré-300x300.jpg 300w, https://la-fab.com/wp-content/uploads/2024/12/Marc-Donnadieu_©Mathilda-Olmi-recadré-150x150.jpg 150w, https://la-fab.com/wp-content/uploads/2024/12/Marc-Donnadieu_©Mathilda-Olmi-recadré.jpg 1500w" sizes="auto, (max-width: 1024px) 100vw, 1024px" /></figure><div class="wp-block-media-text__content">
<p>Born in 1960, in Jerada, Morocco.<br>Marc Donnadieu is a researcher, teacher, art critic and independent exhibition curator. A member of ICOM since 2010, he was chief curator of Photo Élysée (Cantonal Museum for Photography, Lausanne, Switzerland) from 2017 to 2023, curator in charge of contemporary art at the LaM Museum of Modern, Contemporary and Outsider Art of Lille Métropole from 2010 to 2017, director of the Regional Contemporary Art Fund of Haute-Normandie from 1999 to 2010. A member of the International Association of Art Critics (AICA) France since 1997, he has regularly contributed to Art Press since 1994 and The Art Newspaper since 2023. He was awarded the Special Prize for the 10th anniversary of the AICA France Prize in 2022 and was made a Knight of the Order of Arts and Letters in 2004. He has also written or contributed to numerous monographic or thematic works in the fields of fine arts, photography, architecture, design or fashion. At the same time, he has been curator or co-curator of monographic or thematic exhibitions of reference devoted to the notion of commitment, to the processes of construction of identities and contemporary bodies, to the pictorial field, to drawing practices, to the relationships between art and architecture, as well as to the relationships between photography and art brut.</p>



<p><strong>Photo credit : Mathilda Olmi</strong></p>
</div></div>



<div style="height:190px" aria-hidden="true" class="wp-block-spacer"></div>



<figure class="wp-block-gallery has-nested-images columns-default is-cropped wp-block-gallery-1 is-layout-flex wp-block-gallery-is-layout-flex">
<figure class="wp-block-image size-full"><img loading="lazy" decoding="async" width="1200" height="1596" data-id="11107" src="https://la-fab.com/wp-content/uploads/2024/12/Jean-Claracq-Joueur-de-water-polo-2024.jpg" alt="" class="wp-image-11107" srcset="https://la-fab.com/wp-content/uploads/2024/12/Jean-Claracq-Joueur-de-water-polo-2024.jpg 1200w, https://la-fab.com/wp-content/uploads/2024/12/Jean-Claracq-Joueur-de-water-polo-2024-226x300.jpg 226w, https://la-fab.com/wp-content/uploads/2024/12/Jean-Claracq-Joueur-de-water-polo-2024-770x1024.jpg 770w, https://la-fab.com/wp-content/uploads/2024/12/Jean-Claracq-Joueur-de-water-polo-2024-1155x1536.jpg 1155w" sizes="auto, (max-width: 1200px) 100vw, 1200px" /><figcaption class="wp-element-caption">Jean Claracq, Joueur de water-polo, 2024.</figcaption></figure>



<figure class="wp-block-image size-full"><img loading="lazy" decoding="async" width="1300" height="1507" data-id="11116" src="https://la-fab.com/wp-content/uploads/2024/12/Lazare-Lazarus-Demon.webp" alt="" class="wp-image-11116" srcset="https://la-fab.com/wp-content/uploads/2024/12/Lazare-Lazarus-Demon.webp 1300w, https://la-fab.com/wp-content/uploads/2024/12/Lazare-Lazarus-Demon-259x300.webp 259w, https://la-fab.com/wp-content/uploads/2024/12/Lazare-Lazarus-Demon-883x1024.webp 883w" sizes="auto, (max-width: 1300px) 100vw, 1300px" /><figcaption class="wp-element-caption">Lazare Lazarus, Démon.</figcaption></figure>



<figure class="wp-block-image size-large"><img loading="lazy" decoding="async" width="819" height="1024" data-id="11108" src="https://la-fab.com/wp-content/uploads/2024/12/OK__Camille-Roquet-Dont-Be-So-Rude-With-You-2022-2024_1-819x1024.jpg" alt="" class="wp-image-11108" srcset="https://la-fab.com/wp-content/uploads/2024/12/OK__Camille-Roquet-Dont-Be-So-Rude-With-You-2022-2024_1-819x1024.jpg 819w, https://la-fab.com/wp-content/uploads/2024/12/OK__Camille-Roquet-Dont-Be-So-Rude-With-You-2022-2024_1-240x300.jpg 240w, https://la-fab.com/wp-content/uploads/2024/12/OK__Camille-Roquet-Dont-Be-So-Rude-With-You-2022-2024_1.jpg 1080w" sizes="auto, (max-width: 819px) 100vw, 819px" /><figcaption class="wp-element-caption">Camille Roquet, Don&#8217;t Be So Rude With You, 2022-2024_#1</figcaption></figure>



<figure class="wp-block-image size-full"><img loading="lazy" decoding="async" width="1118" height="1676" data-id="11118" src="https://la-fab.com/wp-content/uploads/2024/12/Paul-Rousteau_La-Plage-les-Peintres_3.png" alt="" class="wp-image-11118" srcset="https://la-fab.com/wp-content/uploads/2024/12/Paul-Rousteau_La-Plage-les-Peintres_3.png 1118w, https://la-fab.com/wp-content/uploads/2024/12/Paul-Rousteau_La-Plage-les-Peintres_3-200x300.png 200w, https://la-fab.com/wp-content/uploads/2024/12/Paul-Rousteau_La-Plage-les-Peintres_3-683x1024.png 683w, https://la-fab.com/wp-content/uploads/2024/12/Paul-Rousteau_La-Plage-les-Peintres_3-1025x1536.png 1025w" sizes="auto, (max-width: 1118px) 100vw, 1118px" /><figcaption class="wp-element-caption"><em>Paul Rousteau_La Plage &amp; les Peintres</em>#3.</figcaption></figure>



<figure class="wp-block-image size-full"><img loading="lazy" decoding="async" width="480" height="289" data-id="11110" src="https://la-fab.com/wp-content/uploads/2024/12/Jules-Magistry-Paranoid-Park-2020.jpg" alt="" class="wp-image-11110" srcset="https://la-fab.com/wp-content/uploads/2024/12/Jules-Magistry-Paranoid-Park-2020.jpg 480w, https://la-fab.com/wp-content/uploads/2024/12/Jules-Magistry-Paranoid-Park-2020-300x181.jpg 300w" sizes="auto, (max-width: 480px) 100vw, 480px" /><figcaption class="wp-element-caption">Jules Magistry, Paranoid Park, 2020.</figcaption></figure>



<figure class="wp-block-image size-full"><img loading="lazy" decoding="async" width="645" height="816" data-id="11120" src="https://la-fab.com/wp-content/uploads/2024/12/Adrien-Fricheteau-Pas-le-time-2021.png" alt="" class="wp-image-11120" srcset="https://la-fab.com/wp-content/uploads/2024/12/Adrien-Fricheteau-Pas-le-time-2021.png 645w, https://la-fab.com/wp-content/uploads/2024/12/Adrien-Fricheteau-Pas-le-time-2021-237x300.png 237w" sizes="auto, (max-width: 645px) 100vw, 645px" /><figcaption class="wp-element-caption">Adrien Fricheteau, Pas le time, 2021.</figcaption></figure>
</figure>
