{"id":7284,"date":"2021-06-16T16:50:47","date_gmt":"2021-06-16T14:50:47","guid":{"rendered":"https:\/\/la-fab.com\/la_galerie\/hors-les-murs-un-autre-monde-dans-notre-monde-au-f-r-a-c-dunkerque-copy\/"},"modified":"2021-10-15T10:31:28","modified_gmt":"2021-10-15T08:31:28","slug":"hors-les-murs-un-autre-monde-dans-notre-monde-au-f-r-a-c-dunkerque-copy","status":"publish","type":"la_galerie","link":"https:\/\/la-fab.com\/en\/la_galerie\/hors-les-murs-un-autre-monde-dans-notre-monde-au-f-r-a-c-dunkerque-copy\/","title":{"rendered":"On the road : agn\u00e8s b. exhibits &#8220;Les Dr\u00f4lesses&#8221; at MAGNIN-A Gallery"},"content":{"rendered":"\r\n<h1 class=\"has-huge-font-size wp-block-heading\"><strong>ON THE ROAD : <\/strong><\/h1>\r\n\r\n\r\n\r\n<h1 class=\"has-huge-font-size wp-block-heading\">AGN\u00c8S B. INTERPRETS CLAIRE TABOURET THROUGH AN EXHIBITION OF &#8220;LES DR\u00d4LESSES&#8221; AT MAGNIN-A GALLERY<\/h1>\r\n\r\n\r\n\r\n<div class=\"wp-block-image\">\r\n<figure class=\"aligncenter size-large is-resized\"><img loading=\"lazy\" decoding=\"async\" class=\"wp-image-7276\" src=\"https:\/\/la-fab.com\/wp-content\/uploads\/2021\/06\/unnamed-1.png\" alt=\"\" width=\"846\" height=\"1076\" \/><\/figure>\r\n<\/div>\r\n\r\n\r\n\r\n<p>&nbsp;<\/p>\r\n\r\n\r\n\r\n<p class=\"has-medium-font-size\"><strong>From May 28 to July 31, 2021, the Gallery MAGNIN-A will present Les Dr\u00f4lesses, a series of photographs taken by agn\u00e8s b., in the spring of 2020 during confinement. These images stage two portraits of Claire Tabouret in the springtime decor of agn\u00e8s&#8217;s garden dressed in creations from her personal wardrobe. Throughout the 80 images, Les Dr\u00f4lesses tells the story of the mischievous and timeless agn\u00e8s. It tells us about her childhood, the relationship between the designer and the artists and years of creation. She also tells us about a beautiful story of friendship born with Andr\u00e9 Magnin, thirty-two years ago as well as the admiration she has for the work of Claire Tabouret and some of her artist friends.<\/strong><\/p>\r\n\r\n\r\n\r\n<div class=\"wp-block-image\">\r\n<figure class=\"aligncenter size-large is-resized\"><img loading=\"lazy\" decoding=\"async\" class=\"wp-image-7282\" src=\"https:\/\/la-fab.com\/wp-content\/uploads\/2021\/06\/unnamed.png\" alt=\"\" width=\"846\" height=\"1074\" \/><\/figure>\r\n<\/div>\r\n\r\n\r\n<hr class=\"wp-block-separator has-text-color has-background has-vivid-red-background-color has-vivid-red-color is-style-wide\" \/>\r\n\r\n\r\n<h3 class=\"wp-block-heading\"><em>&#8220;Les dr\u00f4lesses&#8221; <\/em><\/h3>\r\n\r\n\r\n\r\n<h3 class=\"wp-block-heading\">agn\u00e8s b. interprets Claire Tabouret<\/h3>\r\n\r\n\r\n\r\n<h3 class=\"wp-block-heading\">From May, 28th until July, 31st 2021<\/h3>\r\n\r\n\r\n\r\n<div class=\"wp-block-group\">\r\n<div class=\"wp-block-group__inner-container is-layout-flow wp-block-group-is-layout-flow\">\r\n<div class=\"wp-block-group\">\r\n<div class=\"wp-block-group__inner-container is-layout-flow wp-block-group-is-layout-flow\">\r\n<p class=\"has-medium-font-size\"><a href=\"http:\/\/www.magnin-a.com\/fr\/expositions\/presentation\/246\/agnes-b.-interprete-claire-tabouret\" data-type=\"URL\" data-id=\"http:\/\/www.magnin-a.com\/fr\/expositions\/presentation\/246\/agnes-b.-interprete-claire-tabouret\">Galerie MAGNIN-A<\/a><\/p>\r\n\r\n\r\n\r\n<p class=\"has-medium-font-size\">118, Boulevard Richard Lenoir<\/p>\r\n\r\n\r\n\r\n<p class=\"has-medium-font-size\">75011 Paris<\/p>\r\n<\/div>\r\n<\/div>\r\n\r\n\r\n\r\n<p class=\"has-medium-font-size\">Tuesday &#8211; Saturday, 14h-19h<\/p>\r\n\r\n\r\n\r\n<div class=\"wp-block-image\">\r\n<figure class=\"aligncenter size-large\"><a href=\"http:\/\/www.magnin-a.com\/en\/expositions\/presentation\/246\/agnes-b\" target=\"_blank\" rel=\"noopener noreferrer\"><img loading=\"lazy\" decoding=\"async\" width=\"282\" height=\"137\" class=\"wp-image-7312\" src=\"https:\/\/la-fab.com\/wp-content\/uploads\/2021\/06\/Capture-de\u0301cran-2021-06-17-a\u0300-17.22.00-1.png\" alt=\"\" \/><\/a><\/figure>\r\n<\/div>\r\n<\/div>\r\n<\/div>\r\n\r\n\r\n\r\n<figure class=\"wp-block-pullquote\">\r\n<blockquote>\r\n<p><span class=\"has-inline-color has-cyan-bluish-gray-color\">&#8220;<\/span><em><span class=\"has-inline-color has-cyan-bluish-gray-color\">This game Les Dr\u00f4lesses comes from childhood.<\/span> <span class=\"has-inline-color has-cyan-bluish-gray-color\">I did it for fun. I always do things in a playful way.<\/span> <span class=\"has-inline-color has-cyan-bluish-gray-color\">My work, I always do it with a lot of fun, fluidity. I<\/span> <span class=\"has-inline-color has-cyan-bluish-gray-color\">have met many artists, and artists always talk<\/span> <span class=\"has-inline-color has-cyan-bluish-gray-color\">about their childhood. Childhood is the humus, it<\/span> <span class=\"has-inline-color has-cyan-bluish-gray-color\">is the starting material. It is something<\/span> <span class=\"has-inline-color has-cyan-bluish-gray-color\">spontaneous, it is almost a need\u2026 This series<\/span> <span class=\"has-inline-color has-cyan-bluish-gray-color\">also evokes the link with the artists. I have<\/span> <span class=\"has-inline-color has-cyan-bluish-gray-color\">always had this desire to involve them in my<\/span> <span class=\"has-inline-color has-cyan-bluish-gray-color\">creations. It started in the 80&#8217;s with the<\/span> <span class=\"has-inline-color has-cyan-bluish-gray-color\">silkscreen prints on the t-shirt that we did<\/span> <span class=\"has-inline-color has-cyan-bluish-gray-color\">ourselves in my home, simple stuff but we do it<\/span> <span class=\"has-inline-color has-cyan-bluish-gray-color\">ourselves. There are a lot of clothes that I made<\/span> <span class=\"has-inline-color has-cyan-bluish-gray-color\">with painters, photographers, graffiti artists\u2026<\/span><\/em><span class=\"has-inline-color has-cyan-bluish-gray-color\">&#8221; agn\u00e8s b.<\/span><\/p>\r\n<p>&nbsp;<\/p>\r\n<\/blockquote>\r\n<\/figure>\r\n\r\n\r\n\r\n<div class=\"wp-block-buttons aligncenter is-layout-flex wp-block-buttons-is-layout-flex\">\r\n<div class=\"wp-block-button is-style-fill\"><a class=\"wp-block-button__link has-white-color has-vivid-red-background-color has-text-color has-background\" href=\"https:\/\/la-fab.com\/wp-content\/uploads\/2021\/06\/press_release_les_dr_lesses_agn_s_b.pdf\" target=\"_blank\" rel=\"noreferrer noopener\">Download the press-release<\/a><\/div>\r\n<\/div>\r\n\r\n\r\n\r\n<p>&nbsp;<\/p>\r\n","protected":false},"featured_media":7293,"template":"","type_actu_galerie":[38],"class_list":["post-7284","la_galerie","type-la_galerie","status-publish","has-post-thumbnail","hentry","type_actu_galerie-la-galerie"],"acf":[],"_links":{"self":[{"href":"https:\/\/la-fab.com\/en\/wp-json\/wp\/v2\/la_galerie\/7284","targetHints":{"allow":["GET"]}}],"collection":[{"href":"https:\/\/la-fab.com\/en\/wp-json\/wp\/v2\/la_galerie"}],"about":[{"href":"https:\/\/la-fab.com\/en\/wp-json\/wp\/v2\/types\/la_galerie"}],"wp:featuredmedia":[{"embeddable":true,"href":"https:\/\/la-fab.com\/en\/wp-json\/wp\/v2\/media\/7293"}],"wp:attachment":[{"href":"https:\/\/la-fab.com\/en\/wp-json\/wp\/v2\/media?parent=7284"}],"wp:term":[{"taxonomy":"type_actu_galerie","embeddable":true,"href":"https:\/\/la-fab.com\/en\/wp-json\/wp\/v2\/type_actu_galerie?post=7284"}],"curies":[{"name":"wp","href":"https:\/\/api.w.org\/{rel}","templated":true}]}}

On the road : agnès b. exhibits &#8220;Les Drôlesses&#8221; at MAGNIN-A Gallery

<h1 class="has-huge-font-size wp-block-heading"><strong>ON THE ROAD : </strong></h1>



<h1 class="has-huge-font-size wp-block-heading">AGNÈS B. INTERPRETS CLAIRE TABOURET THROUGH AN EXHIBITION OF &#8220;LES DRÔLESSES&#8221; AT MAGNIN-A GALLERY</h1>



<div class="wp-block-image">
<figure class="aligncenter size-large is-resized"><img loading="lazy" decoding="async" class="wp-image-7276" src="https://la-fab.com/wp-content/uploads/2021/06/unnamed-1.png" alt="" width="846" height="1076" /></figure>
</div>



<p>&nbsp;</p>



<p class="has-medium-font-size"><strong>From May 28 to July 31, 2021, the Gallery MAGNIN-A will present Les Drôlesses, a series of photographs taken by agnès b., in the spring of 2020 during confinement. These images stage two portraits of Claire Tabouret in the springtime decor of agnès&#8217;s garden dressed in creations from her personal wardrobe. Throughout the 80 images, Les Drôlesses tells the story of the mischievous and timeless agnès. It tells us about her childhood, the relationship between the designer and the artists and years of creation. She also tells us about a beautiful story of friendship born with André Magnin, thirty-two years ago as well as the admiration she has for the work of Claire Tabouret and some of her artist friends.</strong></p>



<div class="wp-block-image">
<figure class="aligncenter size-large is-resized"><img loading="lazy" decoding="async" class="wp-image-7282" src="https://la-fab.com/wp-content/uploads/2021/06/unnamed.png" alt="" width="846" height="1074" /></figure>
</div>


<hr class="wp-block-separator has-text-color has-background has-vivid-red-background-color has-vivid-red-color is-style-wide" />


<h3 class="wp-block-heading"><em>&#8220;Les drôlesses&#8221; </em></h3>



<h3 class="wp-block-heading">agnès b. interprets Claire Tabouret</h3>



<h3 class="wp-block-heading">From May, 28th until July, 31st 2021</h3>



<div class="wp-block-group">
<div class="wp-block-group__inner-container is-layout-flow wp-block-group-is-layout-flow">
<div class="wp-block-group">
<div class="wp-block-group__inner-container is-layout-flow wp-block-group-is-layout-flow">
<p class="has-medium-font-size"><a href="http://www.magnin-a.com/fr/expositions/presentation/246/agnes-b.-interprete-claire-tabouret" data-type="URL" data-id="http://www.magnin-a.com/fr/expositions/presentation/246/agnes-b.-interprete-claire-tabouret">Galerie MAGNIN-A</a></p>



<p class="has-medium-font-size">118, Boulevard Richard Lenoir</p>



<p class="has-medium-font-size">75011 Paris</p>
</div>
</div>



<p class="has-medium-font-size">Tuesday &#8211; Saturday, 14h-19h</p>



<div class="wp-block-image">
<figure class="aligncenter size-large"><a href="http://www.magnin-a.com/en/expositions/presentation/246/agnes-b" target="_blank" rel="noopener noreferrer"><img loading="lazy" decoding="async" width="282" height="137" class="wp-image-7312" src="https://la-fab.com/wp-content/uploads/2021/06/Capture-décran-2021-06-17-à-17.22.00-1.png" alt="" /></a></figure>
</div>
</div>
</div>



<figure class="wp-block-pullquote">
<blockquote>
<p><span class="has-inline-color has-cyan-bluish-gray-color">&#8220;</span><em><span class="has-inline-color has-cyan-bluish-gray-color">This game Les Drôlesses comes from childhood.</span> <span class="has-inline-color has-cyan-bluish-gray-color">I did it for fun. I always do things in a playful way.</span> <span class="has-inline-color has-cyan-bluish-gray-color">My work, I always do it with a lot of fun, fluidity. I</span> <span class="has-inline-color has-cyan-bluish-gray-color">have met many artists, and artists always talk</span> <span class="has-inline-color has-cyan-bluish-gray-color">about their childhood. Childhood is the humus, it</span> <span class="has-inline-color has-cyan-bluish-gray-color">is the starting material. It is something</span> <span class="has-inline-color has-cyan-bluish-gray-color">spontaneous, it is almost a need… This series</span> <span class="has-inline-color has-cyan-bluish-gray-color">also evokes the link with the artists. I have</span> <span class="has-inline-color has-cyan-bluish-gray-color">always had this desire to involve them in my</span> <span class="has-inline-color has-cyan-bluish-gray-color">creations. It started in the 80&#8217;s with the</span> <span class="has-inline-color has-cyan-bluish-gray-color">silkscreen prints on the t-shirt that we did</span> <span class="has-inline-color has-cyan-bluish-gray-color">ourselves in my home, simple stuff but we do it</span> <span class="has-inline-color has-cyan-bluish-gray-color">ourselves. There are a lot of clothes that I made</span> <span class="has-inline-color has-cyan-bluish-gray-color">with painters, photographers, graffiti artists…</span></em><span class="has-inline-color has-cyan-bluish-gray-color">&#8221; agnès b.</span></p>
<p>&nbsp;</p>
</blockquote>
</figure>



<div class="wp-block-buttons aligncenter is-layout-flex wp-block-buttons-is-layout-flex">
<div class="wp-block-button is-style-fill"><a class="wp-block-button__link has-white-color has-vivid-red-background-color has-text-color has-background" href="https://la-fab.com/wp-content/uploads/2021/06/press_release_les_dr_lesses_agn_s_b.pdf" target="_blank" rel="noreferrer noopener">Download the press-release</a></div>
</div>



<p>&nbsp;</p>
