{"id":7075,"date":"2021-05-06T10:18:31","date_gmt":"2021-05-06T08:18:31","guid":{"rendered":"https:\/\/la-fab.com\/planete-fab\/transmission-2\/didier-lestrade\/"},"modified":"2021-05-28T17:54:56","modified_gmt":"2021-05-28T15:54:56","slug":"didier-lestrade","status":"publish","type":"univers_fab","link":"https:\/\/la-fab.com\/en\/planete-fab\/transmission-2\/didier-lestrade\/","title":{"rendered":"Transmission &#8211; #10 Didier Lestrade, Act Up et le dancefloor"},"content":{"rendered":"\n<figure class=\"wp-block-embed-soundcloud wp-block-embed is-type-rich is-provider-soundcloud wp-embed-aspect-4-3 wp-has-aspect-ratio\"><div class=\"wp-block-embed__wrapper\">\n<iframe loading=\"lazy\" title=\"Transmission (10\/10): Didier Lestrade, Act Up et le dancefloor by ARTE Radio\" width=\"1920\" height=\"400\" scrolling=\"no\" frameborder=\"no\" src=\"https:\/\/w.soundcloud.com\/player\/?visual=true&#038;url=https%3A%2F%2Fapi.soundcloud.com%2Ftracks%2F944887219&#038;show_artwork=true&#038;maxwidth=1920&#038;maxheight=1000&#038;dnt=1\"><\/iframe>\n<\/div><\/figure>\n\n\n\n<p>Didier Lestrade, \u00e9crivain, journaliste et cofondateur d\u2019Act Up-Paris a sign\u00e9 une des pages les plus importantes du militantisme fran\u00e7ais en tant que figure majeure du mouvement LGBT. <\/p>\n\n\n\n<p>N\u00e9 en Alg\u00e9rie en 1958, il grandit dans la campagne de la vall\u00e9e du Lot avant de rejoindre Paris \u00e0 19 ans, sans le baccalaur\u00e9at, \u00e0 la conqu\u00eate d\u2019un nouveau monde. Un monde o\u00f9 l\u2019on se sent moins seul pour partager et vivre ses d\u00e9sirs et ses amours. Il cultive un go\u00fbt prononc\u00e9 pour l\u2019univers et l\u2019esth\u00e9tique gay qu\u2019il concr\u00e9tise en lan\u00e7ant \u00e0 22 ans la revue \u00ab Magazine \u00bb qui lui ouvre la voie vers le m\u00e9tier de journaliste, collaborant avec la presse homosexuelle de l\u2019\u00e9poque ainsi qu\u2019au quotidien Lib\u00e9ration o\u00f9 il chronique la Dance Music (1). Une culture musicale issue de la communaut\u00e9 gay outre-atlantique et qui fait des ravages dans les boites gay parisiennes qu\u2019il fr\u00e9quente assidument. <\/p>\n\n\n\n<p>L\u2019\u00e9poque de la lib\u00e9ration (sexuelle) sera de courte dur\u00e9e. L\u2019\u00e9pid\u00e9mie du Sida commence \u00e0 frapper et il n\u2019est pas \u00e9pargn\u00e9 : en 1986, alors \u00e2g\u00e9 de 28 ans Didier Lestrade apprend qu\u2019il est s\u00e9ropositif. Dans un geste qu\u2019il explique comme \u00ab le besoin de donner quelque chose en retour \u00e0 sa communaut\u00e9 \u00bb , il co-fonde en 1989 , avec ses amis Pascal Loubet et Luc Coulavin , Act Up-Paris, association militante de lutte contre le Sida issue de la communaut\u00e9 homosexuelle suivant le mod\u00e8le am\u00e9ricain n\u00e9 deux ans plus t\u00f4t. Pour lutter contre l\u2019indiff\u00e9rence g\u00e9n\u00e9rale, un \u00e2pre combat est alors livr\u00e9 par l\u2019association contre l\u2019Etat mais aussi contre l\u2019industrie pharmaceutique pour la prise en charge des malades. Ce combat est une \u00e9pop\u00e9e majeure dans l\u2019histoire de la d\u00e9sob\u00e9issance civile, c\u2019est aussi une avanc\u00e9e d\u00e9cisive pour l\u2019accompagnement des malades dont chacun profite aujourd&#8217;hui. La guerre est men\u00e9e tambour battant, actions coups de poing d\u2019un c\u00f4t\u00e9, recherches m\u00e9dicales de l\u2019autre, comme en t\u00e9moigne le magnifique film de Robin Campillo \u00ab120 battements par minute \u00bb sorti en 2017, et dont Didier Lestrade a inspir\u00e9 un des personnages principaux. <\/p>\n\n\n\n<p>Rescap\u00e9, survivant de la maladie, Didier Lestrade est aujourd\u2019hui install\u00e9 \u00e0 la campagne , o\u00f9 il vit de peu et pr\u00f4ne la d\u00e9croissance (2). Auteur de plusieurs livres dont \u00ab Act Up, une histoire \u00bb (Denoel, 2000) qui relate les premi\u00e8res ann\u00e9es de l\u2019association, Didier Lestrade est un conteur fabuleux \u00e0 la m\u00e9moire pr\u00e9cise et au verbe sinc\u00e8re. Toujours fid\u00e8le \u00e0 la communaut\u00e9 qui l\u2019a construit, il raconte avec g\u00e9n\u00e9rosit\u00e9 sa vie de justes combats et de passions durables.<\/p>\n\n\n\n<p>(1) Chroniques cultes sur la House Music dont une s\u00e9lection a \u00e9t\u00e9 publi\u00e9e sous le titre &#8220;Chroniques du dance floor. Lib\u00e9ration 1988-1999&#8221;, Ed. Singulier, 2010.<br>(2) &#8220;Cheikh. Journal de campagne&#8221;, Flammarion, 2007.<\/p>\n\n\n\n<p>Pourquoi ces morceaux ont compt\u00e9 pour Didier Lestrade :<br>&#8211; BRONSKI BEAT : \u00ab Need A man Blues \u00bb : &#8220;Tout le premier album de Bronski Beat (1984) est unique dans le sens o\u00f9 le groupe \u00e9tait ouvertement gay quand beaucoup d\u2019artistes pop cachaient encore leur sexualit\u00e9&#8221;.<br>&#8211; ARETHA FRANKLIN : \u00ab Say A Little Prayer \u00bb : &#8220;Premi\u00e8re chanteuse noire d\u00e9couverte dans la collection de disques de mon p\u00e8re&#8221;.<br>&#8211; WINGS: \u00ab Wild Life \u00bb : &#8220;Un des premiers morceaux \u00e0 aborder la condition animale et l\u2019\u00e9cologie&#8221;.<br>&#8211; MARSHALL JEFFERSON @ TRUTH : \u00ab Open your Eyes \u00bb : &#8220;Premier disque de deep house (1988) avec un fort message spirituel et politique&#8221;.<\/p>\n\n\n\n<p>La playlist &#8220;dance music&#8221; des sons rythmant l&#8217;\u00e9pisode est disponible sur Deezer et Spotify.<\/p>\n\n\n\n<p><strong><strong>Aude Lavigne<br><\/strong><\/strong>Journaliste et productrice \u00e0 Radio France de 1999 \u00e0 2020, elle a anim\u00e9 de nombreuses \u00e9missions culturelles sur&nbsp;France Culture et&nbsp;France Musique. De 2010 \u00e0 2020, elle a pr\u00e9sent\u00e9 l\u2019\u00e9mission \u00ab Les carnets de la cr\u00e9ation\u00bb consacr\u00e9e \u00e0 la d\u00e9couverte de jeunes artistes dans toutes les disciplines. En parall\u00e8le elle a r\u00e9alis\u00e9 des documentaires de soci\u00e9t\u00e9 pour les \u00e9missions&nbsp; \u00ab Surpris par la nuit \u00bb, \u00ab Les pieds sur terre \u00bb ou \u00ab Sur les docks \u00bb pour France Culture. Par ailleurs,&nbsp; elle a collabor\u00e9 avec le Th\u00e9\u00e2tre de la Bastille au titre de conseill\u00e8re artistique. Elle m\u00e8ne actuellement pour le Th\u00e9\u00e2tre Nanterre-Amandiers le podcast \u00abradio amandiers &#8211; revue sonore \u00bb avec Alexandre Plank et Making Waves.&nbsp;&nbsp;&nbsp;&nbsp;&nbsp;<\/p>\n","protected":false},"featured_media":5235,"parent":6257,"menu_order":10,"template":"","univers_fab_cat":[36],"planete_fab_cat":[],"class_list":["post-7075","univers_fab","type-univers_fab","status-publish","has-post-thumbnail","hentry","univers_fab_cat-podcast"],"acf":[],"_links":{"self":[{"href":"https:\/\/la-fab.com\/en\/wp-json\/wp\/v2\/univers_fab\/7075","targetHints":{"allow":["GET"]}}],"collection":[{"href":"https:\/\/la-fab.com\/en\/wp-json\/wp\/v2\/univers_fab"}],"about":[{"href":"https:\/\/la-fab.com\/en\/wp-json\/wp\/v2\/types\/univers_fab"}],"up":[{"embeddable":true,"href":"https:\/\/la-fab.com\/en\/wp-json\/wp\/v2\/univers_fab\/6257"}],"wp:featuredmedia":[{"embeddable":true,"href":"https:\/\/la-fab.com\/en\/wp-json\/wp\/v2\/media\/5235"}],"wp:attachment":[{"href":"https:\/\/la-fab.com\/en\/wp-json\/wp\/v2\/media?parent=7075"}],"wp:term":[{"taxonomy":"univers_fab_cat","embeddable":true,"href":"https:\/\/la-fab.com\/en\/wp-json\/wp\/v2\/univers_fab_cat?post=7075"},{"taxonomy":"planete_fab_cat","embeddable":true,"href":"https:\/\/la-fab.com\/en\/wp-json\/wp\/v2\/planete_fab_cat?post=7075"}],"curies":[{"name":"wp","href":"https:\/\/api.w.org\/{rel}","templated":true}]}}

<figure class="wp-block-embed-soundcloud wp-block-embed is-type-rich is-provider-soundcloud wp-embed-aspect-4-3 wp-has-aspect-ratio"><div class="wp-block-embed__wrapper">
<iframe loading="lazy" title="Transmission (10/10): Didier Lestrade, Act Up et le dancefloor by ARTE Radio" width="1920" height="400" scrolling="no" frameborder="no" src="https://w.soundcloud.com/player/?visual=true&#038;url=https%3A%2F%2Fapi.soundcloud.com%2Ftracks%2F944887219&#038;show_artwork=true&#038;maxwidth=1920&#038;maxheight=1000&#038;dnt=1"></iframe>
</div></figure>



<p>Didier Lestrade, écrivain, journaliste et cofondateur d’Act Up-Paris a signé une des pages les plus importantes du militantisme français en tant que figure majeure du mouvement LGBT. </p>



<p>Né en Algérie en 1958, il grandit dans la campagne de la vallée du Lot avant de rejoindre Paris à 19 ans, sans le baccalauréat, à la conquête d’un nouveau monde. Un monde où l’on se sent moins seul pour partager et vivre ses désirs et ses amours. Il cultive un goût prononcé pour l’univers et l’esthétique gay qu’il concrétise en lançant à 22 ans la revue « Magazine » qui lui ouvre la voie vers le métier de journaliste, collaborant avec la presse homosexuelle de l’époque ainsi qu’au quotidien Libération où il chronique la Dance Music (1). Une culture musicale issue de la communauté gay outre-atlantique et qui fait des ravages dans les boites gay parisiennes qu’il fréquente assidument. </p>



<p>L’époque de la libération (sexuelle) sera de courte durée. L’épidémie du Sida commence à frapper et il n’est pas épargné : en 1986, alors âgé de 28 ans Didier Lestrade apprend qu’il est séropositif. Dans un geste qu’il explique comme « le besoin de donner quelque chose en retour à sa communauté » , il co-fonde en 1989 , avec ses amis Pascal Loubet et Luc Coulavin , Act Up-Paris, association militante de lutte contre le Sida issue de la communauté homosexuelle suivant le modèle américain né deux ans plus tôt. Pour lutter contre l’indifférence générale, un âpre combat est alors livré par l’association contre l’Etat mais aussi contre l’industrie pharmaceutique pour la prise en charge des malades. Ce combat est une épopée majeure dans l’histoire de la désobéissance civile, c’est aussi une avancée décisive pour l’accompagnement des malades dont chacun profite aujourd&#8217;hui. La guerre est menée tambour battant, actions coups de poing d’un côté, recherches médicales de l’autre, comme en témoigne le magnifique film de Robin Campillo «120 battements par minute » sorti en 2017, et dont Didier Lestrade a inspiré un des personnages principaux. </p>



<p>Rescapé, survivant de la maladie, Didier Lestrade est aujourd’hui installé à la campagne , où il vit de peu et prône la décroissance (2). Auteur de plusieurs livres dont « Act Up, une histoire » (Denoel, 2000) qui relate les premières années de l’association, Didier Lestrade est un conteur fabuleux à la mémoire précise et au verbe sincère. Toujours fidèle à la communauté qui l’a construit, il raconte avec générosité sa vie de justes combats et de passions durables.</p>



<p>(1) Chroniques cultes sur la House Music dont une sélection a été publiée sous le titre &#8220;Chroniques du dance floor. Libération 1988-1999&#8221;, Ed. Singulier, 2010.<br>(2) &#8220;Cheikh. Journal de campagne&#8221;, Flammarion, 2007.</p>



<p>Pourquoi ces morceaux ont compté pour Didier Lestrade :<br>&#8211; BRONSKI BEAT : « Need A man Blues » : &#8220;Tout le premier album de Bronski Beat (1984) est unique dans le sens où le groupe était ouvertement gay quand beaucoup d’artistes pop cachaient encore leur sexualité&#8221;.<br>&#8211; ARETHA FRANKLIN : « Say A Little Prayer » : &#8220;Première chanteuse noire découverte dans la collection de disques de mon père&#8221;.<br>&#8211; WINGS: « Wild Life » : &#8220;Un des premiers morceaux à aborder la condition animale et l’écologie&#8221;.<br>&#8211; MARSHALL JEFFERSON @ TRUTH : « Open your Eyes » : &#8220;Premier disque de deep house (1988) avec un fort message spirituel et politique&#8221;.</p>



<p>La playlist &#8220;dance music&#8221; des sons rythmant l&#8217;épisode est disponible sur Deezer et Spotify.</p>



<p><strong><strong>Aude Lavigne<br></strong></strong>Journaliste et productrice à Radio France de 1999 à 2020, elle a animé de nombreuses émissions culturelles sur&nbsp;France Culture et&nbsp;France Musique. De 2010 à 2020, elle a présenté l’émission « Les carnets de la création» consacrée à la découverte de jeunes artistes dans toutes les disciplines. En parallèle elle a réalisé des documentaires de société pour les émissions&nbsp; « Surpris par la nuit », « Les pieds sur terre » ou « Sur les docks » pour France Culture. Par ailleurs,&nbsp; elle a collaboré avec le Théâtre de la Bastille au titre de conseillère artistique. Elle mène actuellement pour le Théâtre Nanterre-Amandiers le podcast «radio amandiers &#8211; revue sonore » avec Alexandre Plank et Making Waves.&nbsp;&nbsp;&nbsp;&nbsp;&nbsp;</p>
